{"id":5811,"date":"2025-05-23T19:02:19","date_gmt":"2025-05-23T17:02:19","guid":{"rendered":"https:\/\/www.kulturkurios.de\/?page_id=5811"},"modified":"2025-07-06T20:26:38","modified_gmt":"2025-07-06T18:26:38","slug":"kinder-theater-2025","status":"publish","type":"page","link":"https:\/\/www.kulturkurios.de\/?page_id=5811","title":{"rendered":"Kinder-Theater 2025"},"content":{"rendered":"\n<p><strong>Alex und die gelbe Maus<\/strong> &#8211; Kindertheater im B\u00fcrgerhaus Kleinbettlingen<\/p>\n\n\n\n<p>Die graue Gartenmaus Alex findet eine Freundin, n\u00e4mlich Willa, die gelbe Aufziehmaus. Doch als Willa kaputt geht, ist Alex sehr traurig. Zum Gl\u00fcck hat er einen Wunsch bei der Zaubereidechse frei und Willa verwandelt sich in eine gelbe Gartenmaus, mit der Alex nun gemeinsam Stinkek\u00e4se naschen kann. <\/p>\n\n\n\n<p>Eine Geschichte \u00fcber Freundschaft, Werte und bunte M\u00e4use durften etwa 60 Kinder und Erwachsene am Sonntag, 6.7.25, im B\u00fcrgerhaus in Kleinbettlingen bestaunen. Die Schauspielerin Sonja M\u00fcller, vom Reutlinger Theater Patati Patata, brachte mit einer tollen B\u00fchnenpr\u00e4senz Gro\u00df und Klein zum lachen und nachdenken. <\/p>\n\n\n\n<p>Im Anschluss gab es wieder Sekt, Selters und Speiseeis. So konnte der Abend bei gem\u00fctlichem Zusammensein oder Spielen auf dem Kleinbettlinger Spielplatz ausklingen.<br>(<em>f\u00fcr die Dia-Show auf ein Bild klicken\/tippen<\/em>)<\/p>\n\n\n\n<figure class=\"wp-block-gallery has-nested-images columns-default is-cropped wp-block-gallery-1 is-layout-flex wp-block-gallery-is-layout-flex\">\n<figure class=\"wp-block-image size-large\"><img loading=\"lazy\" decoding=\"async\" width=\"679\" height=\"926\" data-id=\"5879\" src=\"https:\/\/www.kulturkurios.de\/wp-content\/uploads\/Theater_25a.jpg\" alt=\"\" class=\"wp-image-5879\" srcset=\"https:\/\/www.kulturkurios.de\/wp-content\/uploads\/Theater_25a.jpg 679w, https:\/\/www.kulturkurios.de\/wp-content\/uploads\/Theater_25a-220x300.jpg 220w\" sizes=\"auto, (max-width: 679px) 85vw, 679px\" \/><figcaption class=\"wp-element-caption\">Theater2025<\/figcaption><\/figure>\n\n\n\n<figure class=\"wp-block-image size-large\"><img loading=\"lazy\" decoding=\"async\" width=\"1024\" height=\"629\" data-id=\"5880\" src=\"https:\/\/www.kulturkurios.de\/wp-content\/uploads\/Theater_25b-1024x629.jpg\" alt=\"\" class=\"wp-image-5880\" srcset=\"https:\/\/www.kulturkurios.de\/wp-content\/uploads\/Theater_25b-1024x629.jpg 1024w, https:\/\/www.kulturkurios.de\/wp-content\/uploads\/Theater_25b-300x184.jpg 300w, https:\/\/www.kulturkurios.de\/wp-content\/uploads\/Theater_25b-768x472.jpg 768w, https:\/\/www.kulturkurios.de\/wp-content\/uploads\/Theater_25b-1200x737.jpg 1200w, https:\/\/www.kulturkurios.de\/wp-content\/uploads\/Theater_25b.jpg 1448w\" sizes=\"auto, (max-width: 709px) 85vw, (max-width: 909px) 67vw, (max-width: 1362px) 62vw, 840px\" \/><figcaption class=\"wp-element-caption\">Theater2025<\/figcaption><\/figure>\n\n\n\n<figure class=\"wp-block-image size-large\"><img loading=\"lazy\" decoding=\"async\" width=\"848\" height=\"929\" data-id=\"5881\" src=\"https:\/\/www.kulturkurios.de\/wp-content\/uploads\/Theater_25c.jpg\" alt=\"\" class=\"wp-image-5881\" srcset=\"https:\/\/www.kulturkurios.de\/wp-content\/uploads\/Theater_25c.jpg 848w, https:\/\/www.kulturkurios.de\/wp-content\/uploads\/Theater_25c-274x300.jpg 274w, https:\/\/www.kulturkurios.de\/wp-content\/uploads\/Theater_25c-768x841.jpg 768w\" sizes=\"auto, (max-width: 709px) 85vw, (max-width: 909px) 67vw, (max-width: 1362px) 62vw, 840px\" \/><figcaption class=\"wp-element-caption\">Theater2025<\/figcaption><\/figure>\n\n\n\n<figure class=\"wp-block-image size-large\"><img loading=\"lazy\" decoding=\"async\" width=\"1024\" height=\"599\" data-id=\"5882\" src=\"https:\/\/www.kulturkurios.de\/wp-content\/uploads\/Theater_25d-1024x599.jpg\" alt=\"\" class=\"wp-image-5882\" srcset=\"https:\/\/www.kulturkurios.de\/wp-content\/uploads\/Theater_25d-1024x599.jpg 1024w, https:\/\/www.kulturkurios.de\/wp-content\/uploads\/Theater_25d-300x176.jpg 300w, https:\/\/www.kulturkurios.de\/wp-content\/uploads\/Theater_25d-768x449.jpg 768w, https:\/\/www.kulturkurios.de\/wp-content\/uploads\/Theater_25d.jpg 1181w\" sizes=\"auto, (max-width: 709px) 85vw, (max-width: 909px) 67vw, (max-width: 1362px) 62vw, 840px\" \/><figcaption class=\"wp-element-caption\">Theater2025<\/figcaption><\/figure>\n\n\n\n<figure class=\"wp-block-image size-large\"><img loading=\"lazy\" decoding=\"async\" width=\"1024\" height=\"704\" data-id=\"5883\" src=\"https:\/\/www.kulturkurios.de\/wp-content\/uploads\/Theater_25e-1024x704.jpg\" alt=\"\" class=\"wp-image-5883\" srcset=\"https:\/\/www.kulturkurios.de\/wp-content\/uploads\/Theater_25e-1024x704.jpg 1024w, https:\/\/www.kulturkurios.de\/wp-content\/uploads\/Theater_25e-300x206.jpg 300w, https:\/\/www.kulturkurios.de\/wp-content\/uploads\/Theater_25e-768x528.jpg 768w, https:\/\/www.kulturkurios.de\/wp-content\/uploads\/Theater_25e-1200x825.jpg 1200w, https:\/\/www.kulturkurios.de\/wp-content\/uploads\/Theater_25e.jpg 1206w\" sizes=\"auto, (max-width: 709px) 85vw, (max-width: 909px) 67vw, (max-width: 1362px) 62vw, 840px\" \/><figcaption class=\"wp-element-caption\">Theater2025<\/figcaption><\/figure>\n\n\n\n<figure class=\"wp-block-image size-large\"><img loading=\"lazy\" decoding=\"async\" width=\"1024\" height=\"674\" data-id=\"5884\" src=\"https:\/\/www.kulturkurios.de\/wp-content\/uploads\/Theater_25f-1024x674.jpg\" alt=\"\" class=\"wp-image-5884\" srcset=\"https:\/\/www.kulturkurios.de\/wp-content\/uploads\/Theater_25f-1024x674.jpg 1024w, https:\/\/www.kulturkurios.de\/wp-content\/uploads\/Theater_25f-300x197.jpg 300w, https:\/\/www.kulturkurios.de\/wp-content\/uploads\/Theater_25f-768x505.jpg 768w, https:\/\/www.kulturkurios.de\/wp-content\/uploads\/Theater_25f.jpg 1108w\" sizes=\"auto, (max-width: 709px) 85vw, (max-width: 909px) 67vw, (max-width: 1362px) 62vw, 840px\" \/><figcaption class=\"wp-element-caption\">Theater2025<\/figcaption><\/figure>\n\n\n\n<figure class=\"wp-block-image size-large\"><img loading=\"lazy\" decoding=\"async\" width=\"627\" height=\"868\" data-id=\"5885\" src=\"https:\/\/www.kulturkurios.de\/wp-content\/uploads\/Theater_25g.jpg\" alt=\"\" class=\"wp-image-5885\" srcset=\"https:\/\/www.kulturkurios.de\/wp-content\/uploads\/Theater_25g.jpg 627w, https:\/\/www.kulturkurios.de\/wp-content\/uploads\/Theater_25g-217x300.jpg 217w\" sizes=\"auto, (max-width: 627px) 85vw, 627px\" \/><figcaption class=\"wp-element-caption\">Theater2025<\/figcaption><\/figure>\n\n\n\n<figure class=\"wp-block-image size-large\"><img loading=\"lazy\" decoding=\"async\" width=\"1024\" height=\"762\" data-id=\"5886\" src=\"https:\/\/www.kulturkurios.de\/wp-content\/uploads\/Theater_25j-1024x762.jpg\" alt=\"\" class=\"wp-image-5886\" srcset=\"https:\/\/www.kulturkurios.de\/wp-content\/uploads\/Theater_25j-1024x762.jpg 1024w, https:\/\/www.kulturkurios.de\/wp-content\/uploads\/Theater_25j-300x223.jpg 300w, https:\/\/www.kulturkurios.de\/wp-content\/uploads\/Theater_25j-768x571.jpg 768w, https:\/\/www.kulturkurios.de\/wp-content\/uploads\/Theater_25j.jpg 1097w\" sizes=\"auto, (max-width: 709px) 85vw, (max-width: 909px) 67vw, (max-width: 1362px) 62vw, 840px\" \/><figcaption class=\"wp-element-caption\">Theater2025<\/figcaption><\/figure>\n\n\n\n<figure class=\"wp-block-image size-large\"><img loading=\"lazy\" decoding=\"async\" width=\"1024\" height=\"662\" data-id=\"5887\" src=\"https:\/\/www.kulturkurios.de\/wp-content\/uploads\/Theater_25k-1024x662.jpg\" alt=\"\" class=\"wp-image-5887\" srcset=\"https:\/\/www.kulturkurios.de\/wp-content\/uploads\/Theater_25k-1024x662.jpg 1024w, https:\/\/www.kulturkurios.de\/wp-content\/uploads\/Theater_25k-300x194.jpg 300w, https:\/\/www.kulturkurios.de\/wp-content\/uploads\/Theater_25k-768x497.jpg 768w, https:\/\/www.kulturkurios.de\/wp-content\/uploads\/Theater_25k-1200x776.jpg 1200w, https:\/\/www.kulturkurios.de\/wp-content\/uploads\/Theater_25k.jpg 1240w\" sizes=\"auto, (max-width: 709px) 85vw, (max-width: 909px) 67vw, (max-width: 1362px) 62vw, 840px\" \/><figcaption class=\"wp-element-caption\">Theater2025<\/figcaption><\/figure>\n\n\n\n<figure class=\"wp-block-image size-large\"><img loading=\"lazy\" decoding=\"async\" width=\"1024\" height=\"625\" data-id=\"5888\" src=\"https:\/\/www.kulturkurios.de\/wp-content\/uploads\/Theater_25l-1024x625.jpg\" alt=\"\" class=\"wp-image-5888\" srcset=\"https:\/\/www.kulturkurios.de\/wp-content\/uploads\/Theater_25l-1024x625.jpg 1024w, https:\/\/www.kulturkurios.de\/wp-content\/uploads\/Theater_25l-300x183.jpg 300w, https:\/\/www.kulturkurios.de\/wp-content\/uploads\/Theater_25l-768x469.jpg 768w, https:\/\/www.kulturkurios.de\/wp-content\/uploads\/Theater_25l-1200x733.jpg 1200w, https:\/\/www.kulturkurios.de\/wp-content\/uploads\/Theater_25l.jpg 1399w\" sizes=\"auto, (max-width: 709px) 85vw, (max-width: 909px) 67vw, (max-width: 1362px) 62vw, 840px\" \/><figcaption class=\"wp-element-caption\">Theater2025<\/figcaption><\/figure>\n\n\n\n<figure class=\"wp-block-image size-large\"><img loading=\"lazy\" decoding=\"async\" width=\"1024\" height=\"646\" data-id=\"5889\" src=\"https:\/\/www.kulturkurios.de\/wp-content\/uploads\/Theater_25m-1024x646.jpg\" alt=\"\" class=\"wp-image-5889\" srcset=\"https:\/\/www.kulturkurios.de\/wp-content\/uploads\/Theater_25m-1024x646.jpg 1024w, https:\/\/www.kulturkurios.de\/wp-content\/uploads\/Theater_25m-300x189.jpg 300w, https:\/\/www.kulturkurios.de\/wp-content\/uploads\/Theater_25m-768x484.jpg 768w, https:\/\/www.kulturkurios.de\/wp-content\/uploads\/Theater_25m.jpg 1186w\" sizes=\"auto, (max-width: 709px) 85vw, (max-width: 909px) 67vw, (max-width: 1362px) 62vw, 840px\" \/><figcaption class=\"wp-element-caption\">Theater2025<\/figcaption><\/figure>\n<\/figure>\n\n\n\n<p>  <\/p>\n\n\n\n<figure class=\"wp-block-image size-full\"><img loading=\"lazy\" decoding=\"async\" width=\"677\" height=\"950\" src=\"https:\/\/www.kulturkurios.de\/wp-content\/uploads\/KuKuKl-AlexUndDieGelbeMaus.jpg\" alt=\"\" class=\"wp-image-5812\" srcset=\"https:\/\/www.kulturkurios.de\/wp-content\/uploads\/KuKuKl-AlexUndDieGelbeMaus.jpg 677w, https:\/\/www.kulturkurios.de\/wp-content\/uploads\/KuKuKl-AlexUndDieGelbeMaus-214x300.jpg 214w\" sizes=\"auto, (max-width: 677px) 85vw, 677px\" \/><\/figure>\n","protected":false},"excerpt":{"rendered":"<p>Alex und die gelbe Maus &#8211; Kindertheater im B\u00fcrgerhaus Kleinbettlingen Die graue Gartenmaus Alex findet eine Freundin, n\u00e4mlich Willa, die gelbe Aufziehmaus. Doch als Willa kaputt geht, ist Alex sehr traurig. Zum Gl\u00fcck hat er einen Wunsch bei der Zaubereidechse frei und Willa verwandelt sich in eine gelbe Gartenmaus, mit der Alex nun gemeinsam Stinkek\u00e4se &hellip; <a href=\"https:\/\/www.kulturkurios.de\/?page_id=5811\" class=\"more-link\"><span class=\"screen-reader-text\">\u201eKinder-Theater 2025\u201c <\/span>weiterlesen<\/a><\/p>\n","protected":false},"author":2,"featured_media":0,"parent":0,"menu_order":0,"comment_status":"closed","ping_status":"closed","template":"","meta":{"footnotes":""},"class_list":["post-5811","page","type-page","status-publish","hentry"],"_links":{"self":[{"href":"https:\/\/www.kulturkurios.de\/index.php?rest_route=\/wp\/v2\/pages\/5811","targetHints":{"allow":["GET"]}}],"collection":[{"href":"https:\/\/www.kulturkurios.de\/index.php?rest_route=\/wp\/v2\/pages"}],"about":[{"href":"https:\/\/www.kulturkurios.de\/index.php?rest_route=\/wp\/v2\/types\/page"}],"author":[{"embeddable":true,"href":"https:\/\/www.kulturkurios.de\/index.php?rest_route=\/wp\/v2\/users\/2"}],"replies":[{"embeddable":true,"href":"https:\/\/www.kulturkurios.de\/index.php?rest_route=%2Fwp%2Fv2%2Fcomments&post=5811"}],"version-history":[{"count":2,"href":"https:\/\/www.kulturkurios.de\/index.php?rest_route=\/wp\/v2\/pages\/5811\/revisions"}],"predecessor-version":[{"id":5890,"href":"https:\/\/www.kulturkurios.de\/index.php?rest_route=\/wp\/v2\/pages\/5811\/revisions\/5890"}],"wp:attachment":[{"href":"https:\/\/www.kulturkurios.de\/index.php?rest_route=%2Fwp%2Fv2%2Fmedia&parent=5811"}],"curies":[{"name":"wp","href":"https:\/\/api.w.org\/{rel}","templated":true}]}}