{"id":5413,"date":"2024-07-14T12:48:02","date_gmt":"2024-07-14T10:48:02","guid":{"rendered":"https:\/\/www.kulturkurios.de\/?page_id=5413"},"modified":"2024-09-08T11:46:27","modified_gmt":"2024-09-08T09:46:27","slug":"open-air-kino-2024","status":"publish","type":"page","link":"https:\/\/www.kulturkurios.de\/?page_id=5413","title":{"rendered":"Open-Air-Kino 2024"},"content":{"rendered":"\n<p>Beim Kinoabend des Kinomobils am 31. August konnten wir fast 200 Besucherinnen und Besucher begr\u00fc\u00dfen. Jeder verf\u00fcgbare Stuhl war besetzt. Bei allerbestem Sommerwetter genossen wir das 12. Bempflinger OpenAirKino.<\/p>\n\n\n\n<p>Der Film \u2013 Gl\u00fcck auf einer Skala von 1 bis 10 &#8211; erz\u00e4hlt mit viel Humor von einer au\u00dfergew\u00f6hnlichen Freundschaft. Einer Freundschaft, die sich nach einem Unfall w\u00e4hrend einer weiten Reise in einem Leichenwagen zwischen Igor, dem k\u00f6rperlich behinderten Hobby-Philosophen und Louis, dem immer arbeitendem Bestatter entwickelt.<\/p>\n\n\n\n<p>Der Verein KulturKurios Kleinbettlingen bewirtete vor und w\u00e4hrend der Veranstaltung die G\u00e4ste mit gerillter Roten, Popcorn und verschiedenen Getr\u00e4nken.<\/p>\n\n\n\n<p>Im n\u00e4chsten Jahr soll das Kino wieder stattfinden. Dann wieder gerne an einem genauso lauen und trockenen Sp\u00e4tsommerabend drau\u00dfen auf dem Schulhof.<\/p>\n\n\n\n<p>Unser Dank geht an das Kinomobil, den Herrn B\u00fcrgermeister Welser und an alle Helferinnen und Helfer.<\/p>\n\n\n\n<figure class=\"wp-block-image size-large\"><img loading=\"lazy\" decoding=\"async\" width=\"1024\" height=\"343\" src=\"https:\/\/www.kulturkurios.de\/wp-content\/uploads\/Kino24_a-1024x343.jpg\" alt=\"\" class=\"wp-image-5450\" srcset=\"https:\/\/www.kulturkurios.de\/wp-content\/uploads\/Kino24_a-1024x343.jpg 1024w, https:\/\/www.kulturkurios.de\/wp-content\/uploads\/Kino24_a-300x100.jpg 300w, https:\/\/www.kulturkurios.de\/wp-content\/uploads\/Kino24_a-768x257.jpg 768w, https:\/\/www.kulturkurios.de\/wp-content\/uploads\/Kino24_a-1536x514.jpg 1536w, https:\/\/www.kulturkurios.de\/wp-content\/uploads\/Kino24_a-1200x402.jpg 1200w, https:\/\/www.kulturkurios.de\/wp-content\/uploads\/Kino24_a.jpg 1735w\" sizes=\"auto, (max-width: 709px) 85vw, (max-width: 909px) 67vw, (max-width: 1362px) 62vw, 840px\" \/><\/figure>\n\n\n\n<figure class=\"wp-block-image size-large\"><img loading=\"lazy\" decoding=\"async\" width=\"1024\" height=\"314\" src=\"https:\/\/www.kulturkurios.de\/wp-content\/uploads\/Kino24_b-1024x314.jpg\" alt=\"\" class=\"wp-image-5452\" srcset=\"https:\/\/www.kulturkurios.de\/wp-content\/uploads\/Kino24_b-1024x314.jpg 1024w, https:\/\/www.kulturkurios.de\/wp-content\/uploads\/Kino24_b-300x92.jpg 300w, https:\/\/www.kulturkurios.de\/wp-content\/uploads\/Kino24_b-768x235.jpg 768w, https:\/\/www.kulturkurios.de\/wp-content\/uploads\/Kino24_b-1536x470.jpg 1536w, https:\/\/www.kulturkurios.de\/wp-content\/uploads\/Kino24_b-1200x368.jpg 1200w, https:\/\/www.kulturkurios.de\/wp-content\/uploads\/Kino24_b.jpg 1737w\" sizes=\"auto, (max-width: 709px) 85vw, (max-width: 909px) 67vw, (max-width: 1362px) 62vw, 840px\" \/><\/figure>\n\n\n\n<p><\/p>\n\n\n\n<p><strong>Ank\u00fcndigung:<\/strong><\/p>\n\n\n\n<p>Am 31. August 2024 soll das Open Air Kino im Schulhof der Grundschule Bempflingen stattfinden. Bei Regen bzw. zu schlechtem Wetter k\u00f6nnen wir in die Turnhalle ausweichen.<\/p>\n\n\n\n<p>\u201e<strong>Gl\u00fcck auf einer Skala von 1 bis 10<\/strong>&#8220; erz\u00e4hlt mit viel Humor von einer au\u00dfergew\u00f6hnlichen Freundschaft, die mit Vorurteilen gr\u00fcndlich aufr\u00e4umt, und vor allem eines feiert: das Leben an sich.<br>Igor lebt allein und jobbt als Fahrradkurier f\u00fcr Biogem\u00fcse. Ein paar mehr Kontakte zu anderen Menschen w\u00e4ren sch\u00f6n, aber ansonsten ist der k\u00f6rperlich behinderte Hobby-Philosoph nicht ungl\u00fccklich. Louis hingegen ist ein 24\/7-Unternehmer, ein Workaholic, der vor lauter Arbeit in seiner Bestattungsfirma die Lebensfreude vergessen hat. Als er Igor auf seinem Fahrrad anf\u00e4hrt, ist ihm das doppelt peinlich: zum einen wegen seiner Unachtsamkeit, zum anderen, weil er offensichtlich einen Menschen mit Behinderung verletzt hat. Ein Unfall mit \u00fcberraschenden Folgen, denn Igor hat sich in den Kopf gesetzt, dass Louis ein perfekter neuer Freund f\u00fcr ihn w\u00e4re \u2026 und Igor kann sehr hartn\u00e4ckig sein. So kommt es, dass Louis und Igor zu einer abenteuerlichen Reise im Leichenwagen aufbrechen, die ihr Leben ordentlich auf den Kopf stellt.<\/p>\n\n\n\n<ul class=\"wp-block-list\">\n<li>Grundschule auf Mauern in Bempflingen<\/li>\n\n\n\n<li>Samstag, 31. August<\/li>\n\n\n\n<li>Einlass ab 19:30 Uhr<\/li>\n\n\n\n<li>Filmstart ab 20:45 Uhr<\/li>\n\n\n\n<li>Preis: 6 \u20ac f\u00fcr das KinoMobil<\/li>\n<\/ul>\n\n\n\n<p>Der Verein KulturKurios Kleinbettlingen versorgt Sie vor dem Film mit Getr\u00e4nken, Popcorn und gegrillter Roter. Bringen Sie neben vielen Bekannten und Freunden auch Hunger, Durst und einen warmen Pulli mit.<\/p>\n\n\n\n<figure class=\"wp-block-image size-full\"><img loading=\"lazy\" decoding=\"async\" width=\"918\" height=\"718\" src=\"https:\/\/www.kulturkurios.de\/wp-content\/uploads\/grafik-2.png\" alt=\"\" class=\"wp-image-5414\" srcset=\"https:\/\/www.kulturkurios.de\/wp-content\/uploads\/grafik-2.png 918w, https:\/\/www.kulturkurios.de\/wp-content\/uploads\/grafik-2-300x235.png 300w, https:\/\/www.kulturkurios.de\/wp-content\/uploads\/grafik-2-768x601.png 768w\" sizes=\"auto, (max-width: 709px) 85vw, (max-width: 909px) 67vw, (max-width: 1362px) 62vw, 840px\" \/><\/figure>\n","protected":false},"excerpt":{"rendered":"<p>Beim Kinoabend des Kinomobils am 31. August konnten wir fast 200 Besucherinnen und Besucher begr\u00fc\u00dfen. Jeder verf\u00fcgbare Stuhl war besetzt. Bei allerbestem Sommerwetter genossen wir das 12. Bempflinger OpenAirKino. Der Film \u2013 Gl\u00fcck auf einer Skala von 1 bis 10 &#8211; erz\u00e4hlt mit viel Humor von einer au\u00dfergew\u00f6hnlichen Freundschaft. Einer Freundschaft, die sich nach einem &hellip; <a href=\"https:\/\/www.kulturkurios.de\/?page_id=5413\" class=\"more-link\"><span class=\"screen-reader-text\">\u201eOpen-Air-Kino 2024\u201c <\/span>weiterlesen<\/a><\/p>\n","protected":false},"author":2,"featured_media":0,"parent":0,"menu_order":0,"comment_status":"closed","ping_status":"closed","template":"","meta":{"footnotes":""},"class_list":["post-5413","page","type-page","status-publish","hentry"],"_links":{"self":[{"href":"https:\/\/www.kulturkurios.de\/index.php?rest_route=\/wp\/v2\/pages\/5413","targetHints":{"allow":["GET"]}}],"collection":[{"href":"https:\/\/www.kulturkurios.de\/index.php?rest_route=\/wp\/v2\/pages"}],"about":[{"href":"https:\/\/www.kulturkurios.de\/index.php?rest_route=\/wp\/v2\/types\/page"}],"author":[{"embeddable":true,"href":"https:\/\/www.kulturkurios.de\/index.php?rest_route=\/wp\/v2\/users\/2"}],"replies":[{"embeddable":true,"href":"https:\/\/www.kulturkurios.de\/index.php?rest_route=%2Fwp%2Fv2%2Fcomments&post=5413"}],"version-history":[{"count":3,"href":"https:\/\/www.kulturkurios.de\/index.php?rest_route=\/wp\/v2\/pages\/5413\/revisions"}],"predecessor-version":[{"id":5453,"href":"https:\/\/www.kulturkurios.de\/index.php?rest_route=\/wp\/v2\/pages\/5413\/revisions\/5453"}],"wp:attachment":[{"href":"https:\/\/www.kulturkurios.de\/index.php?rest_route=%2Fwp%2Fv2%2Fmedia&parent=5413"}],"curies":[{"name":"wp","href":"https:\/\/api.w.org\/{rel}","templated":true}]}}