{"id":4921,"date":"2023-04-25T21:16:40","date_gmt":"2023-04-25T19:16:40","guid":{"rendered":"https:\/\/www.kulturkurios.de\/?page_id=4921"},"modified":"2024-04-21T13:52:06","modified_gmt":"2024-04-21T11:52:06","slug":"jhv-2023","status":"publish","type":"page","link":"https:\/\/www.kulturkurios.de\/?page_id=4921","title":{"rendered":"JHV 2023"},"content":{"rendered":"\n<p>Am Sonntag, 18. Juni 2023 auf der Ehninger Weide<\/p>\n\n\n\n<p><strong>Einladung zur Jahreshauptversammlung 2023<\/strong><br>Liebe Mitglieder und Freunde unseres Vereins, dieses Jahr wird es wieder viele kuriose Kultur-Events in unserem Verein geben. Wir laden Euch herzlich ein zu<br>Kultur Kurios \u2013 ein Forum f\u00fcr Begegnung, Austausch und Kulturaktionen<br>und seine Jahreshauptversammlung am <strong>Sonntag, 18. Juni 2023 ab 11.00 Uhr<\/strong>.<\/p>\n\n\n\n<p>Dieses Jahr haben wir uns wieder etwas Besonders ausgedacht. Zuerst wollen wir mit Euch auf der Eninger Weide Disc-Golf spielen. Hierf\u00fcr muss niemand besonders sportlich oder wurfstark sein, denn wir spielen zusammen in Teams. Zuvor werden wir fachkundig und professionell in einem kurzen Workshop in das Spiel Disc-Golf eingewiesen. Im Anschluss wollen wir zusammen am Parkplatz grillen und im gewohnten Stil unsere beliebte Jahreshauptversammlung durchf\u00fchren.<\/p>\n\n\n\n<ul class=\"wp-block-list\">\n<li>11.00 Uhr Workshop Disc-Golf unter Anleitung von Ilja Fuchs vom Discgolfclub Achalm DGCA und Spiel auf dem wundersch\u00f6nen Parcours auf der Eninger Weide<\/li>\n\n\n\n<li>15.00 Uhr Grillen neben dem gro\u00dfen Wanderparkplatz auf der Eninger Weide und Jahreshauptversammlung<\/li>\n<\/ul>\n\n\n\n<p>Die Anreise zur Eninger Weide kann mit dem Zug ab Metzingen 10:05 Uhr nach Reutlingen Hbf und dem Bus 7644 10:28 Richtung Eningen erfolgen (der Zug h\u00e4lt leider nicht in Bempflingen) oder mit dem Auto. Sicherlich ergeben sich auch Fahrgemeinschaften.<br>Zum Grillen organisieren wir die Getr\u00e4nke. Ihr solltet lediglich Euer Grillgut, Beilagen und Grillspie\u00dfe selbst mitbringen. <br>Ihr solltet festes Schuhwerk tragen und auch eine lange Hose ist von Vorteil, da so manche Scheibe erfahrungsgem\u00e4\u00df ihren Weg ins Geb\u00fcsch finden wird. Wasser bringen wir mit, was wir dann auch mit auf die Spielrunde nehmen k\u00f6nnen. Die Leischeiben werden vom DGCA gestellt.<\/p>\n\n\n\n<p>Tagesordnung<br>Begr\u00fc\u00dfung \u2026<\/p>\n\n\n\n<ol class=\"wp-block-list\">\n<li>Jahresbericht des Vorstandes<\/li>\n\n\n\n<li>Kassenbericht des Vorstandes<\/li>\n\n\n\n<li>Bericht der Kassenrevision<\/li>\n\n\n\n<li>Entlastung des Vorstandes<\/li>\n\n\n\n<li>Wahlen der Vorst\u00e4nde<\/li>\n\n\n\n<li>Open-Air-Kino<\/li>\n\n\n\n<li>\u201eStand der Dinge\u201c zur Jahresplanung<\/li>\n\n\n\n<li>Antr\u00e4ge und Ausblick<\/li>\n<\/ol>\n\n\n\n<p>Wir freuen uns sehr auf euch \u2026Euer Vorstand<\/p>\n\n\n\n<figure class=\"wp-block-gallery has-nested-images columns-default is-cropped wp-block-gallery-1 is-layout-flex wp-block-gallery-is-layout-flex\">\n<figure class=\"wp-block-image size-large\"><img loading=\"lazy\" decoding=\"async\" width=\"1024\" height=\"768\" data-id=\"5350\" src=\"https:\/\/www.kulturkurios.de\/wp-content\/uploads\/IMG-20230618-WA0000.jpg\" alt=\"\" class=\"wp-image-5350\" srcset=\"https:\/\/www.kulturkurios.de\/wp-content\/uploads\/IMG-20230618-WA0000.jpg 1024w, https:\/\/www.kulturkurios.de\/wp-content\/uploads\/IMG-20230618-WA0000-300x225.jpg 300w, https:\/\/www.kulturkurios.de\/wp-content\/uploads\/IMG-20230618-WA0000-768x576.jpg 768w\" sizes=\"auto, (max-width: 709px) 85vw, (max-width: 909px) 67vw, (max-width: 1362px) 62vw, 840px\" \/><\/figure>\n\n\n\n<figure class=\"wp-block-image size-large\"><img loading=\"lazy\" decoding=\"async\" width=\"1024\" height=\"768\" data-id=\"5349\" src=\"https:\/\/www.kulturkurios.de\/wp-content\/uploads\/IMG-20230618-WA0001.jpg\" alt=\"\" class=\"wp-image-5349\" srcset=\"https:\/\/www.kulturkurios.de\/wp-content\/uploads\/IMG-20230618-WA0001.jpg 1024w, https:\/\/www.kulturkurios.de\/wp-content\/uploads\/IMG-20230618-WA0001-300x225.jpg 300w, https:\/\/www.kulturkurios.de\/wp-content\/uploads\/IMG-20230618-WA0001-768x576.jpg 768w\" sizes=\"auto, (max-width: 709px) 85vw, (max-width: 909px) 67vw, (max-width: 1362px) 62vw, 840px\" \/><\/figure>\n\n\n\n<figure class=\"wp-block-image size-large\"><img loading=\"lazy\" decoding=\"async\" width=\"1024\" height=\"768\" data-id=\"5348\" src=\"https:\/\/www.kulturkurios.de\/wp-content\/uploads\/IMG-20230618-WA0002.jpg\" alt=\"\" class=\"wp-image-5348\" srcset=\"https:\/\/www.kulturkurios.de\/wp-content\/uploads\/IMG-20230618-WA0002.jpg 1024w, https:\/\/www.kulturkurios.de\/wp-content\/uploads\/IMG-20230618-WA0002-300x225.jpg 300w, https:\/\/www.kulturkurios.de\/wp-content\/uploads\/IMG-20230618-WA0002-768x576.jpg 768w\" sizes=\"auto, (max-width: 709px) 85vw, (max-width: 909px) 67vw, (max-width: 1362px) 62vw, 840px\" \/><\/figure>\n\n\n\n<figure class=\"wp-block-image size-large\"><img loading=\"lazy\" decoding=\"async\" width=\"1024\" height=\"768\" data-id=\"5353\" src=\"https:\/\/www.kulturkurios.de\/wp-content\/uploads\/IMG-20230618-WA0003.jpg\" alt=\"\" class=\"wp-image-5353\" srcset=\"https:\/\/www.kulturkurios.de\/wp-content\/uploads\/IMG-20230618-WA0003.jpg 1024w, https:\/\/www.kulturkurios.de\/wp-content\/uploads\/IMG-20230618-WA0003-300x225.jpg 300w, https:\/\/www.kulturkurios.de\/wp-content\/uploads\/IMG-20230618-WA0003-768x576.jpg 768w\" sizes=\"auto, (max-width: 709px) 85vw, (max-width: 909px) 67vw, (max-width: 1362px) 62vw, 840px\" \/><\/figure>\n\n\n\n<figure class=\"wp-block-image size-large\"><img loading=\"lazy\" decoding=\"async\" width=\"768\" height=\"1024\" data-id=\"5352\" src=\"https:\/\/www.kulturkurios.de\/wp-content\/uploads\/IMG-20230618-WA0004.jpg\" alt=\"\" class=\"wp-image-5352\" srcset=\"https:\/\/www.kulturkurios.de\/wp-content\/uploads\/IMG-20230618-WA0004.jpg 768w, https:\/\/www.kulturkurios.de\/wp-content\/uploads\/IMG-20230618-WA0004-225x300.jpg 225w\" sizes=\"auto, (max-width: 768px) 85vw, 768px\" \/><\/figure>\n\n\n\n<figure class=\"wp-block-image size-large\"><img loading=\"lazy\" decoding=\"async\" width=\"1024\" height=\"768\" data-id=\"5351\" src=\"https:\/\/www.kulturkurios.de\/wp-content\/uploads\/IMG-20230618-WA0005.jpg\" alt=\"\" class=\"wp-image-5351\" srcset=\"https:\/\/www.kulturkurios.de\/wp-content\/uploads\/IMG-20230618-WA0005.jpg 1024w, https:\/\/www.kulturkurios.de\/wp-content\/uploads\/IMG-20230618-WA0005-300x225.jpg 300w, https:\/\/www.kulturkurios.de\/wp-content\/uploads\/IMG-20230618-WA0005-768x576.jpg 768w\" sizes=\"auto, (max-width: 709px) 85vw, (max-width: 909px) 67vw, (max-width: 1362px) 62vw, 840px\" \/><\/figure>\n\n\n\n<figure class=\"wp-block-image size-large\"><img loading=\"lazy\" decoding=\"async\" width=\"1024\" height=\"768\" data-id=\"5354\" src=\"https:\/\/www.kulturkurios.de\/wp-content\/uploads\/IMG-20230618-WA0006.jpg\" alt=\"\" class=\"wp-image-5354\" srcset=\"https:\/\/www.kulturkurios.de\/wp-content\/uploads\/IMG-20230618-WA0006.jpg 1024w, https:\/\/www.kulturkurios.de\/wp-content\/uploads\/IMG-20230618-WA0006-300x225.jpg 300w, https:\/\/www.kulturkurios.de\/wp-content\/uploads\/IMG-20230618-WA0006-768x576.jpg 768w\" sizes=\"auto, (max-width: 709px) 85vw, (max-width: 909px) 67vw, (max-width: 1362px) 62vw, 840px\" \/><\/figure>\n\n\n\n<figure class=\"wp-block-image size-large\"><img loading=\"lazy\" decoding=\"async\" width=\"1024\" height=\"768\" data-id=\"5355\" src=\"https:\/\/www.kulturkurios.de\/wp-content\/uploads\/IMG-20230618-WA0007.jpg\" alt=\"\" class=\"wp-image-5355\" srcset=\"https:\/\/www.kulturkurios.de\/wp-content\/uploads\/IMG-20230618-WA0007.jpg 1024w, https:\/\/www.kulturkurios.de\/wp-content\/uploads\/IMG-20230618-WA0007-300x225.jpg 300w, https:\/\/www.kulturkurios.de\/wp-content\/uploads\/IMG-20230618-WA0007-768x576.jpg 768w\" sizes=\"auto, (max-width: 709px) 85vw, (max-width: 909px) 67vw, (max-width: 1362px) 62vw, 840px\" \/><\/figure>\n\n\n\n<figure class=\"wp-block-image size-large\"><img loading=\"lazy\" decoding=\"async\" width=\"1024\" height=\"768\" data-id=\"5356\" src=\"https:\/\/www.kulturkurios.de\/wp-content\/uploads\/IMG-20230618-WA0008.jpg\" alt=\"\" class=\"wp-image-5356\" srcset=\"https:\/\/www.kulturkurios.de\/wp-content\/uploads\/IMG-20230618-WA0008.jpg 1024w, https:\/\/www.kulturkurios.de\/wp-content\/uploads\/IMG-20230618-WA0008-300x225.jpg 300w, https:\/\/www.kulturkurios.de\/wp-content\/uploads\/IMG-20230618-WA0008-768x576.jpg 768w\" sizes=\"auto, (max-width: 709px) 85vw, (max-width: 909px) 67vw, (max-width: 1362px) 62vw, 840px\" \/><\/figure>\n\n\n\n<figure class=\"wp-block-image size-large\"><img loading=\"lazy\" decoding=\"async\" width=\"768\" height=\"1024\" data-id=\"5357\" src=\"https:\/\/www.kulturkurios.de\/wp-content\/uploads\/IMG-20230618-WA0009.jpg\" alt=\"\" class=\"wp-image-5357\" srcset=\"https:\/\/www.kulturkurios.de\/wp-content\/uploads\/IMG-20230618-WA0009.jpg 768w, https:\/\/www.kulturkurios.de\/wp-content\/uploads\/IMG-20230618-WA0009-225x300.jpg 225w\" sizes=\"auto, (max-width: 768px) 85vw, 768px\" \/><\/figure>\n\n\n\n<figure class=\"wp-block-image size-large\"><img loading=\"lazy\" decoding=\"async\" width=\"768\" height=\"1024\" data-id=\"5358\" src=\"https:\/\/www.kulturkurios.de\/wp-content\/uploads\/IMG-20230618-WA0010.jpg\" alt=\"\" class=\"wp-image-5358\" srcset=\"https:\/\/www.kulturkurios.de\/wp-content\/uploads\/IMG-20230618-WA0010.jpg 768w, https:\/\/www.kulturkurios.de\/wp-content\/uploads\/IMG-20230618-WA0010-225x300.jpg 225w\" sizes=\"auto, (max-width: 768px) 85vw, 768px\" \/><\/figure>\n<\/figure>\n","protected":false},"excerpt":{"rendered":"<p>Am Sonntag, 18. Juni 2023 auf der Ehninger Weide Einladung zur Jahreshauptversammlung 2023Liebe Mitglieder und Freunde unseres Vereins, dieses Jahr wird es wieder viele kuriose Kultur-Events in unserem Verein geben. Wir laden Euch herzlich ein zuKultur Kurios \u2013 ein Forum f\u00fcr Begegnung, Austausch und Kulturaktionenund seine Jahreshauptversammlung am Sonntag, 18. Juni 2023 ab 11.00 Uhr. &hellip; <a href=\"https:\/\/www.kulturkurios.de\/?page_id=4921\" class=\"more-link\"><span class=\"screen-reader-text\">\u201eJHV 2023\u201c <\/span>weiterlesen<\/a><\/p>\n","protected":false},"author":2,"featured_media":0,"parent":0,"menu_order":0,"comment_status":"closed","ping_status":"closed","template":"","meta":{"footnotes":""},"class_list":["post-4921","page","type-page","status-publish","hentry"],"_links":{"self":[{"href":"https:\/\/www.kulturkurios.de\/index.php?rest_route=\/wp\/v2\/pages\/4921","targetHints":{"allow":["GET"]}}],"collection":[{"href":"https:\/\/www.kulturkurios.de\/index.php?rest_route=\/wp\/v2\/pages"}],"about":[{"href":"https:\/\/www.kulturkurios.de\/index.php?rest_route=\/wp\/v2\/types\/page"}],"author":[{"embeddable":true,"href":"https:\/\/www.kulturkurios.de\/index.php?rest_route=\/wp\/v2\/users\/2"}],"replies":[{"embeddable":true,"href":"https:\/\/www.kulturkurios.de\/index.php?rest_route=%2Fwp%2Fv2%2Fcomments&post=4921"}],"version-history":[{"count":2,"href":"https:\/\/www.kulturkurios.de\/index.php?rest_route=\/wp\/v2\/pages\/4921\/revisions"}],"predecessor-version":[{"id":5359,"href":"https:\/\/www.kulturkurios.de\/index.php?rest_route=\/wp\/v2\/pages\/4921\/revisions\/5359"}],"wp:attachment":[{"href":"https:\/\/www.kulturkurios.de\/index.php?rest_route=%2Fwp%2Fv2%2Fmedia&parent=4921"}],"curies":[{"name":"wp","href":"https:\/\/api.w.org\/{rel}","templated":true}]}}