{"id":4474,"date":"2022-07-31T19:21:33","date_gmt":"2022-07-31T17:21:33","guid":{"rendered":"https:\/\/www.kulturkurios.de\/?page_id=4474"},"modified":"2022-09-18T18:20:57","modified_gmt":"2022-09-18T16:20:57","slug":"open-air-kino-2022","status":"publish","type":"page","link":"https:\/\/www.kulturkurios.de\/?page_id=4474","title":{"rendered":"Open-Air-Kino 2022"},"content":{"rendered":"\n<p>Beim Kinoabend des Kinomobils am 10. September konnten wir 50 unerschrockene Besucher*innen begr\u00fc\u00dfen. Die Wettervorhersage versprach nicht gerade einen lauen Sp\u00e4tsommerabend und so danken wir Allen, denen der gelegentliche Nieselregen und der Wind nichts ausmachte.<\/p>\n\n\n\n<figure class=\"wp-block-image size-large is-resized\"><img loading=\"lazy\" decoding=\"async\" src=\"https:\/\/www.kulturkurios.de\/wp-content\/uploads\/Collasch-1024x631.jpg\" alt=\"\" class=\"wp-image-4483\" width=\"487\" height=\"300\" srcset=\"https:\/\/www.kulturkurios.de\/wp-content\/uploads\/Collasch-1024x631.jpg 1024w, https:\/\/www.kulturkurios.de\/wp-content\/uploads\/Collasch-300x185.jpg 300w, https:\/\/www.kulturkurios.de\/wp-content\/uploads\/Collasch-768x473.jpg 768w, https:\/\/www.kulturkurios.de\/wp-content\/uploads\/Collasch-1200x739.jpg 1200w, https:\/\/www.kulturkurios.de\/wp-content\/uploads\/Collasch.jpg 1258w\" sizes=\"auto, (max-width: 487px) 85vw, 487px\" \/><\/figure>\n\n\n\n<p>Der Film \u2013 Contra- eine deutsche Filmkom\u00f6die vom Herbst 2021 kam sehr gut an. Die vorgestellten rhetorischen Tricks und Finessen der Sprache sorgten f\u00fcr einige Lacher.<\/p>\n\n\n\n<p>Der Verein Kultur Kurios bewirtete vor und w\u00e4hrend der Veranstaltung die G\u00e4ste mit gerillter Roten, Popcorn und verschiedenen Getr\u00e4nken.<\/p>\n\n\n\n<p>Es ist bereits geplant, auch im n\u00e4chsten Jahr erneut etwas auf die Leinwand zu stellen \u2013 dann gerne wieder an einem lauen und trockenen Sp\u00e4tsommerabend drau\u00dfen auf dem Schulhof.<\/p>\n\n\n\n<p>Unser Dank geht an das Kinomobil, den Herrn B\u00fcrgermeister Welser und an alle Helferinnen und Helfer.<\/p>\n\n\n\n<p>Beim Film &#8222;<strong><em>Contra<\/em><\/strong>&#8220; f\u00fchrte S\u00f6nke Wortmann Regie und der Film kam im Herbst 2021 in die Kinos. Die Hauptfiguren werden von Nilam Farooq und Christoph Maria Herbst gespielt.<br>Professor Richard Pohl (Christoph Maria Herbst) droht von seiner Universit\u00e4t zu fliegen, nachdem er die Jura-Studentin Naima Hamid (Nilam Farooq) aus Marokko in einem vollbesetzten H\u00f6rsaal beleidigt hat. Als das Video viral geht, gibt Universit\u00e4tspr\u00e4sident Alexander Lambrecht seinem alten Weggef\u00e4hrten eine letzte Chance: Wenn es dem rhetorisch begnadeten Professor gelingt, die Erstsemestlerin Naima f\u00fcr einen bundesweiten Debattier-Wettbewerb fitzumachen, w\u00e4ren seine Chancen vor dem Disziplinarausschuss damit wesentlich besser. Pohl und Naima sind gleicherma\u00dfen entsetzt, doch mit der Zeit sammelt die ungleiche Zweckgemeinschaft erste Erfolge.<\/p>\n\n\n\n<figure class=\"wp-block-image size-large is-resized\"><img loading=\"lazy\" decoding=\"async\" src=\"https:\/\/www.kulturkurios.de\/wp-content\/uploads\/ContraPlakat-723x1024.jpg\" alt=\"\" class=\"wp-image-4484\" width=\"583\" height=\"825\" srcset=\"https:\/\/www.kulturkurios.de\/wp-content\/uploads\/ContraPlakat-723x1024.jpg 723w, https:\/\/www.kulturkurios.de\/wp-content\/uploads\/ContraPlakat-212x300.jpg 212w, https:\/\/www.kulturkurios.de\/wp-content\/uploads\/ContraPlakat-768x1088.jpg 768w, https:\/\/www.kulturkurios.de\/wp-content\/uploads\/ContraPlakat.jpg 1024w\" sizes=\"auto, (max-width: 583px) 85vw, 583px\" \/><\/figure>\n","protected":false},"excerpt":{"rendered":"<p>Beim Kinoabend des Kinomobils am 10. September konnten wir 50 unerschrockene Besucher*innen begr\u00fc\u00dfen. Die Wettervorhersage versprach nicht gerade einen lauen Sp\u00e4tsommerabend und so danken wir Allen, denen der gelegentliche Nieselregen und der Wind nichts ausmachte. Der Film \u2013 Contra- eine deutsche Filmkom\u00f6die vom Herbst 2021 kam sehr gut an. Die vorgestellten rhetorischen Tricks und Finessen &hellip; <a href=\"https:\/\/www.kulturkurios.de\/?page_id=4474\" class=\"more-link\"><span class=\"screen-reader-text\">\u201eOpen-Air-Kino 2022\u201c <\/span>weiterlesen<\/a><\/p>\n","protected":false},"author":2,"featured_media":0,"parent":0,"menu_order":0,"comment_status":"closed","ping_status":"closed","template":"","meta":{"footnotes":""},"class_list":["post-4474","page","type-page","status-publish","hentry"],"_links":{"self":[{"href":"https:\/\/www.kulturkurios.de\/index.php?rest_route=\/wp\/v2\/pages\/4474","targetHints":{"allow":["GET"]}}],"collection":[{"href":"https:\/\/www.kulturkurios.de\/index.php?rest_route=\/wp\/v2\/pages"}],"about":[{"href":"https:\/\/www.kulturkurios.de\/index.php?rest_route=\/wp\/v2\/types\/page"}],"author":[{"embeddable":true,"href":"https:\/\/www.kulturkurios.de\/index.php?rest_route=\/wp\/v2\/users\/2"}],"replies":[{"embeddable":true,"href":"https:\/\/www.kulturkurios.de\/index.php?rest_route=%2Fwp%2Fv2%2Fcomments&post=4474"}],"version-history":[{"count":4,"href":"https:\/\/www.kulturkurios.de\/index.php?rest_route=\/wp\/v2\/pages\/4474\/revisions"}],"predecessor-version":[{"id":4489,"href":"https:\/\/www.kulturkurios.de\/index.php?rest_route=\/wp\/v2\/pages\/4474\/revisions\/4489"}],"wp:attachment":[{"href":"https:\/\/www.kulturkurios.de\/index.php?rest_route=%2Fwp%2Fv2%2Fmedia&parent=4474"}],"curies":[{"name":"wp","href":"https:\/\/api.w.org\/{rel}","templated":true}]}}