{"id":3800,"date":"2019-03-26T21:57:25","date_gmt":"2019-03-26T20:57:25","guid":{"rendered":"http:\/\/www.kulturkurios.de\/?page_id=3800"},"modified":"2019-03-26T21:57:25","modified_gmt":"2019-03-26T20:57:25","slug":"qi-gong-am-muehlbach","status":"publish","type":"page","link":"https:\/\/www.kulturkurios.de\/?page_id=3800","title":{"rendered":"Qi Gong am M\u00fchlbach"},"content":{"rendered":"\n<p>Nach den Sommerferien beginnt wieder ein neuer Qi Gong Kurs im idyllischen Ambiente der TROST M\u00fchle. Gemeinsam mit unserem erfahrenen Kursleiter&nbsp;&nbsp;&nbsp;Siegbert Allgaier starten wir jeden Donnerstagmorgen wunderbar entspannt in den Tag. Der Kurs geht dieses mal bis Weihnachten und umfasst 12 Termine. Die Kursgeb\u00fchr betr\u00e4gt 100,- (Vereinsmitglieder erm\u00e4\u00dfigt). In diesem Kurs sind noch ein paar Pl\u00e4tze frei. Interessierte Neueinsteiger k\u00f6nnen jederzeit gerne einen Schnuppertermin vereinbaren.<\/p>\n\n\n\n<ul class=\"wp-block-list\"><li><strong>Fortlaufender Kurs in der TROST M\u00fchle<\/strong><\/li><li><strong>Beginn 13.09.2018 (12 Termine bis Weihnachten)<\/strong><\/li><li><strong>Immer donnerstags 9.30 Uhr \u2013 10.30 Uhr<\/strong><\/li><\/ul>\n\n\n\n<figure class=\"wp-block-image\"><img loading=\"lazy\" decoding=\"async\" width=\"300\" height=\"25\" src=\"http:\/\/www.kulturkurios.de\/wp-content\/uploads\/AndreaT-300x25.jpg\" alt=\"\" class=\"wp-image-3443\" srcset=\"https:\/\/www.kulturkurios.de\/wp-content\/uploads\/AndreaT-300x25.jpg 300w, https:\/\/www.kulturkurios.de\/wp-content\/uploads\/AndreaT.jpg 511w\" sizes=\"auto, (max-width: 300px) 85vw, 300px\" \/><\/figure>\n\n\n\n<figure class=\"wp-block-image\"><img loading=\"lazy\" decoding=\"async\" width=\"198\" height=\"42\" src=\"http:\/\/www.kulturkurios.de\/wp-content\/uploads\/Siegbert.jpg\" alt=\"\" class=\"wp-image-3444\"\/><\/figure>\n\n\n\n<p>Fragen und Anmeldung gerne an<strong><br>Andrea Trost Tel. <\/strong>oder<strong><br>Siegbert Allgaier <\/strong><\/p>\n","protected":false},"excerpt":{"rendered":"<p>Nach den Sommerferien beginnt wieder ein neuer Qi Gong Kurs im idyllischen Ambiente der TROST M\u00fchle. Gemeinsam mit unserem erfahrenen Kursleiter&nbsp;&nbsp;&nbsp;Siegbert Allgaier starten wir jeden Donnerstagmorgen wunderbar entspannt in den Tag. Der Kurs geht dieses mal bis Weihnachten und umfasst 12 Termine. Die Kursgeb\u00fchr betr\u00e4gt 100,- (Vereinsmitglieder erm\u00e4\u00dfigt). In diesem Kurs sind noch ein paar &hellip; <a href=\"https:\/\/www.kulturkurios.de\/?page_id=3800\" class=\"more-link\"><span class=\"screen-reader-text\">\u201eQi Gong am M\u00fchlbach\u201c <\/span>weiterlesen<\/a><\/p>\n","protected":false},"author":2,"featured_media":0,"parent":0,"menu_order":0,"comment_status":"closed","ping_status":"closed","template":"","meta":{"footnotes":""},"class_list":["post-3800","page","type-page","status-publish","hentry"],"_links":{"self":[{"href":"https:\/\/www.kulturkurios.de\/index.php?rest_route=\/wp\/v2\/pages\/3800","targetHints":{"allow":["GET"]}}],"collection":[{"href":"https:\/\/www.kulturkurios.de\/index.php?rest_route=\/wp\/v2\/pages"}],"about":[{"href":"https:\/\/www.kulturkurios.de\/index.php?rest_route=\/wp\/v2\/types\/page"}],"author":[{"embeddable":true,"href":"https:\/\/www.kulturkurios.de\/index.php?rest_route=\/wp\/v2\/users\/2"}],"replies":[{"embeddable":true,"href":"https:\/\/www.kulturkurios.de\/index.php?rest_route=%2Fwp%2Fv2%2Fcomments&post=3800"}],"version-history":[{"count":1,"href":"https:\/\/www.kulturkurios.de\/index.php?rest_route=\/wp\/v2\/pages\/3800\/revisions"}],"predecessor-version":[{"id":3801,"href":"https:\/\/www.kulturkurios.de\/index.php?rest_route=\/wp\/v2\/pages\/3800\/revisions\/3801"}],"wp:attachment":[{"href":"https:\/\/www.kulturkurios.de\/index.php?rest_route=%2Fwp%2Fv2%2Fmedia&parent=3800"}],"curies":[{"name":"wp","href":"https:\/\/api.w.org\/{rel}","templated":true}]}}