{"id":3757,"date":"2019-03-26T21:10:31","date_gmt":"2019-03-26T20:10:31","guid":{"rendered":"http:\/\/www.kulturkurios.de\/?page_id=3757"},"modified":"2019-03-26T21:10:32","modified_gmt":"2019-03-26T20:10:32","slug":"tai-chi-und-qi-gong-am-muehlbach-2017","status":"publish","type":"page","link":"https:\/\/www.kulturkurios.de\/?page_id=3757","title":{"rendered":"Tai Chi und Qi Gong am M\u00fchlbach 2017"},"content":{"rendered":"\n<p>Nach den Sommerferien werden wir einen \u201eSchnupperkurs\u201c anbieten, der einen ersten Einblick ins Tai Chi Chuan sowie ins Qi Gong geben soll.<br>Wir konnten hierf\u00fcr den erfahren Lehrer Siegbert Allgaier aus Reutlingen gewinnen. Als Kursort haben wir den idyllischen Platz am Wasserrad bei der Trost M\u00fchle in Bempflingen gew\u00e4hlt. Der Kurs beinhaltet zun\u00e4chst 3 Termine jeweils donnerstags Morgens von 9.30 bis 10.30 Uhr und kostet \u20ac30,- (Vereinsmitglieder erm\u00e4\u00dfigt). Vorkenntnisse sind nicht erforderlich.<\/p>\n\n\n\n<p><strong>Schnupperkurs<\/strong><br><strong> 14.09., 21.09. und 28.09.2017<\/strong><br><strong> Donnerstags 9.30 Uhr \u2013 10.30 Uhr<\/strong><\/p>\n\n\n\n<p>Bei entsprechender Nachfrage und Interesse w\u00e4re das Ziel, ein fortlaufendes Kursangebot auf die Beine zu stellen. Weitere Infos zu Tai Chi und Qi Gong sowie den Kursinhalten folgen in den n\u00e4chsten Wochen.<br>Fragen und Anmeldung gerne an Andrea Trost Tel. 07123-33810 oder andrea.trost @ gmx.com (LeerStellen entfernen)<\/p>\n\n\n\n<ul class=\"wp-block-gallery columns-3 is-cropped wp-block-gallery-1 is-layout-flex wp-block-gallery-is-layout-flex\"><li class=\"blocks-gallery-item\"><figure><img loading=\"lazy\" decoding=\"async\" width=\"448\" height=\"336\" src=\"http:\/\/www.kulturkurios.de\/wp-content\/uploads\/201707111432331_3528.jpg\" alt=\"\" data-id=\"3131\" class=\"wp-image-3131\" srcset=\"https:\/\/www.kulturkurios.de\/wp-content\/uploads\/201707111432331_3528.jpg 448w, https:\/\/www.kulturkurios.de\/wp-content\/uploads\/201707111432331_3528-300x225.jpg 300w\" sizes=\"auto, (max-width: 448px) 85vw, 448px\" \/><\/figure><\/li><li class=\"blocks-gallery-item\"><figure><img loading=\"lazy\" decoding=\"async\" width=\"641\" height=\"427\" src=\"http:\/\/www.kulturkurios.de\/wp-content\/uploads\/201707171138051_3911.jpg\" alt=\"\" data-id=\"3132\" class=\"wp-image-3132\" srcset=\"https:\/\/www.kulturkurios.de\/wp-content\/uploads\/201707171138051_3911.jpg 641w, https:\/\/www.kulturkurios.de\/wp-content\/uploads\/201707171138051_3911-300x200.jpg 300w\" sizes=\"auto, (max-width: 641px) 85vw, 641px\" \/><\/figure><\/li><\/ul>\n","protected":false},"excerpt":{"rendered":"<p>Nach den Sommerferien werden wir einen \u201eSchnupperkurs\u201c anbieten, der einen ersten Einblick ins Tai Chi Chuan sowie ins Qi Gong geben soll.Wir konnten hierf\u00fcr den erfahren Lehrer Siegbert Allgaier aus Reutlingen gewinnen. Als Kursort haben wir den idyllischen Platz am Wasserrad bei der Trost M\u00fchle in Bempflingen gew\u00e4hlt. Der Kurs beinhaltet zun\u00e4chst 3 Termine jeweils &hellip; <a href=\"https:\/\/www.kulturkurios.de\/?page_id=3757\" class=\"more-link\"><span class=\"screen-reader-text\">\u201eTai Chi und Qi Gong am M\u00fchlbach 2017\u201c <\/span>weiterlesen<\/a><\/p>\n","protected":false},"author":2,"featured_media":0,"parent":0,"menu_order":0,"comment_status":"closed","ping_status":"closed","template":"","meta":{"footnotes":""},"class_list":["post-3757","page","type-page","status-publish","hentry"],"_links":{"self":[{"href":"https:\/\/www.kulturkurios.de\/index.php?rest_route=\/wp\/v2\/pages\/3757","targetHints":{"allow":["GET"]}}],"collection":[{"href":"https:\/\/www.kulturkurios.de\/index.php?rest_route=\/wp\/v2\/pages"}],"about":[{"href":"https:\/\/www.kulturkurios.de\/index.php?rest_route=\/wp\/v2\/types\/page"}],"author":[{"embeddable":true,"href":"https:\/\/www.kulturkurios.de\/index.php?rest_route=\/wp\/v2\/users\/2"}],"replies":[{"embeddable":true,"href":"https:\/\/www.kulturkurios.de\/index.php?rest_route=%2Fwp%2Fv2%2Fcomments&post=3757"}],"version-history":[{"count":1,"href":"https:\/\/www.kulturkurios.de\/index.php?rest_route=\/wp\/v2\/pages\/3757\/revisions"}],"predecessor-version":[{"id":3758,"href":"https:\/\/www.kulturkurios.de\/index.php?rest_route=\/wp\/v2\/pages\/3757\/revisions\/3758"}],"wp:attachment":[{"href":"https:\/\/www.kulturkurios.de\/index.php?rest_route=%2Fwp%2Fv2%2Fmedia&parent=3757"}],"curies":[{"name":"wp","href":"https:\/\/api.w.org\/{rel}","templated":true}]}}