{"id":3505,"date":"2018-10-16T21:57:02","date_gmt":"2018-10-16T19:57:02","guid":{"rendered":"http:\/\/www.kulturkurios.de\/?page_id=3505"},"modified":"2019-03-26T21:59:57","modified_gmt":"2019-03-26T20:59:57","slug":"adventskalender-2018","status":"publish","type":"page","link":"https:\/\/www.kulturkurios.de\/?page_id=3505","title":{"rendered":"Adventskalender 2018"},"content":{"rendered":"\n<p>Der <strong>17. Kleinbettlinger Adventskalender<\/strong> ist vorbei. Er konnte wieder mit gro\u00dfer Beteiligung erfolgreich durchgef\u00fchrt werden.  <br><strong>Vielen Dank<\/strong> an alle <strong>Fenstergestalter<\/strong>, in Kleinbettlingen und Bempflingen welche durch ihre Bereitschaft das eigene Haus \/ Fenster ein wenig ge\u00f6ffnet haben.  <br><strong>Vielen Dank <\/strong>auch an alle <strong>Besucher <\/strong>der Fenster, welche dieses Angebot gerne angenommen haben.  <br>Der <strong>Kleinbettlinger Adventskalender <\/strong>war f\u00fcr viele eine sch\u00f6ne Alternative zum schnelllebigen und hektischen Alltag. Ganz besonders freut uns, dass auch die <strong>n\u00e4chste Generation <\/strong>die Idee der pers\u00f6nlichen Begegnung aufgenommen hat und weiterf\u00fchrt.  <br>Es gab musikalische Darbietungen, Feuer, Weihnachtsmarkt, Weihnachtsger\u00fcche, Garagentheater und viele Geschichten.<strong> Alles in allem sehr bunt und kreativ!!!! <\/strong> <\/p>\n\n\n\n<p style=\"text-align:left\">Dies alles kann nur\nfunktionieren, wenn eine Gruppe im Hintergrund arbeitet. Hier der\nbesondere Dank an das Organisationsteam. \n<\/p>\n\n\n\n<p>Haben Sie noch Fotos? Dann stellen wir diese gerne hier auf unsere Homepage (<a rel=\"noreferrer noopener\" href=\"https:\/\/freemailng5202.web.de\/online\/redirect?goto=http%3A%2F%2Fwww.kukukl.de\" target=\"_blank\"><strong>www.kukukl.de<\/strong><\/a>). Bitte per Email an &#8211; adventskalender @ kulturkurios.de<\/p>\n\n\n\n<p>Vielen Dank auch f\u00fcr die zahlreichen Spenden. Insgesamt kamen <strong>2.100,- Euro<\/strong> an Spenden zusammen. So stehen f\u00fcr die beiden Hilfsprojekte <strong>je 1.050,-&nbsp;\u20ac<\/strong> als Spende zur Verf\u00fcgung.  <\/p>\n\n\n\n<ul class=\"wp-block-list\"><li> \u201e<strong>Clowns im Dienst<\/strong>\u201c <strong>:<\/strong> <strong><a rel=\"noreferrer noopener\" aria-label=\"www.clowns-im-dienst.de (\u00f6ffnet in neuem Tab)\" href=\"http:\/\/www.clowns-im-dienst.de\ufeff\" target=\"_blank\">www.clowns-im-dienst.de<\/a><\/strong> <\/li><li> \u201e<em><strong>Notleidende im Jemen<\/strong><\/em>\u201c<strong> : <a href=\"http:\/\/www.welthungerhilfe.de\ufeff\" target=\"_blank\" rel=\"noreferrer noopener\" aria-label=\"www.welthungerhilfe.de (\u00f6ffnet in neuem Tab)\">www.welthungerhilfe.de<\/a><\/strong> <\/li><\/ul>\n\n\n\n<p><strong>KULTUR<\/strong><em><strong>KURIOS<\/strong><\/em>\nw\u00fcnscht allen ein gesundes, erf\u00fclltes und sch\u00f6nes Jahr 2019.<\/p>\n\n\n\n<p><img loading=\"lazy\" decoding=\"async\" class=\"alignnone size-full wp-image-3563\" src=\"http:\/\/www.kulturkurios.de\/wp-content\/uploads\/AdvKal-Tab_20181214.jpg\" alt=\"\" width=\"735\" height=\"788\" srcset=\"https:\/\/www.kulturkurios.de\/wp-content\/uploads\/AdvKal-Tab_20181214.jpg 735w, https:\/\/www.kulturkurios.de\/wp-content\/uploads\/AdvKal-Tab_20181214-280x300.jpg 280w\" sizes=\"auto, (max-width: 735px) 85vw, 735px\" \/> &nbsp; <\/p>\n\n\n\n<p>Hier die Fensterbilder<br><a href=\"http:\/\/www.kulturkurios.de\/?page_id=3646\">Und hier alle Bilder<\/a><\/p>\n\n\n\n<div id='gallery-1' class='gallery galleryid-3505 gallery-columns-3 gallery-size-thumbnail'><figure class='gallery-item'>\n\t\t\t<div class='gallery-icon landscape'>\n\t\t\t\t<a href='https:\/\/www.kulturkurios.de\/wp-content\/uploads\/2018-01-a.jpg'><img loading=\"lazy\" decoding=\"async\" width=\"150\" height=\"150\" src=\"https:\/\/www.kulturkurios.de\/wp-content\/uploads\/2018-01-a-150x150.jpg\" class=\"attachment-thumbnail size-thumbnail\" alt=\"2018-01\" aria-describedby=\"gallery-1-3565\" \/><\/a>\n\t\t\t<\/div>\n\t\t\t\t<figcaption class='wp-caption-text gallery-caption' id='gallery-1-3565'>\n\t\t\t\t2018-01\n\t\t\t\t<\/figcaption><\/figure><figure class='gallery-item'>\n\t\t\t<div class='gallery-icon landscape'>\n\t\t\t\t<a href='https:\/\/www.kulturkurios.de\/wp-content\/uploads\/2018-02-a.jpg'><img loading=\"lazy\" decoding=\"async\" width=\"150\" height=\"150\" src=\"https:\/\/www.kulturkurios.de\/wp-content\/uploads\/2018-02-a-150x150.jpg\" class=\"attachment-thumbnail size-thumbnail\" alt=\"2018-02\" aria-describedby=\"gallery-1-3625\" \/><\/a>\n\t\t\t<\/div>\n\t\t\t\t<figcaption class='wp-caption-text gallery-caption' id='gallery-1-3625'>\n\t\t\t\t2018-02\n\t\t\t\t<\/figcaption><\/figure><figure class='gallery-item'>\n\t\t\t<div class='gallery-icon landscape'>\n\t\t\t\t<a href='https:\/\/www.kulturkurios.de\/wp-content\/uploads\/2018-03-a.jpg'><img loading=\"lazy\" decoding=\"async\" width=\"150\" height=\"150\" src=\"https:\/\/www.kulturkurios.de\/wp-content\/uploads\/2018-03-a-150x150.jpg\" class=\"attachment-thumbnail size-thumbnail\" alt=\"2018-03\" aria-describedby=\"gallery-1-3566\" \/><\/a>\n\t\t\t<\/div>\n\t\t\t\t<figcaption class='wp-caption-text gallery-caption' id='gallery-1-3566'>\n\t\t\t\t2018-03\n\t\t\t\t<\/figcaption><\/figure><figure class='gallery-item'>\n\t\t\t<div class='gallery-icon landscape'>\n\t\t\t\t<a href='https:\/\/www.kulturkurios.de\/wp-content\/uploads\/Kerze-Kopie-1.jpg'><img loading=\"lazy\" decoding=\"async\" width=\"150\" height=\"120\" src=\"https:\/\/www.kulturkurios.de\/wp-content\/uploads\/Kerze-Kopie-1-150x120.jpg\" class=\"attachment-thumbnail size-thumbnail\" alt=\"2018-04\" aria-describedby=\"gallery-1-3262\" \/><\/a>\n\t\t\t<\/div>\n\t\t\t\t<figcaption class='wp-caption-text gallery-caption' id='gallery-1-3262'>\n\t\t\t\t2018-04\n\t\t\t\t<\/figcaption><\/figure><figure class='gallery-item'>\n\t\t\t<div class='gallery-icon landscape'>\n\t\t\t\t<a href='https:\/\/www.kulturkurios.de\/wp-content\/uploads\/Kerze-Kopie-5-1.jpg'><img loading=\"lazy\" decoding=\"async\" width=\"150\" height=\"120\" src=\"https:\/\/www.kulturkurios.de\/wp-content\/uploads\/Kerze-Kopie-5-1-150x120.jpg\" class=\"attachment-thumbnail size-thumbnail\" alt=\"2018-05\" aria-describedby=\"gallery-1-3261\" \/><\/a>\n\t\t\t<\/div>\n\t\t\t\t<figcaption class='wp-caption-text gallery-caption' id='gallery-1-3261'>\n\t\t\t\t2018-05\n\t\t\t\t<\/figcaption><\/figure><figure class='gallery-item'>\n\t\t\t<div class='gallery-icon landscape'>\n\t\t\t\t<a href='https:\/\/www.kulturkurios.de\/wp-content\/uploads\/Kerze-Kopie-4-1.jpg'><img loading=\"lazy\" decoding=\"async\" width=\"150\" height=\"120\" src=\"https:\/\/www.kulturkurios.de\/wp-content\/uploads\/Kerze-Kopie-4-1-150x120.jpg\" class=\"attachment-thumbnail size-thumbnail\" alt=\"2018-06\" aria-describedby=\"gallery-1-3260\" \/><\/a>\n\t\t\t<\/div>\n\t\t\t\t<figcaption class='wp-caption-text gallery-caption' id='gallery-1-3260'>\n\t\t\t\t2018-06\n\t\t\t\t<\/figcaption><\/figure><figure class='gallery-item'>\n\t\t\t<div class='gallery-icon portrait'>\n\t\t\t\t<a href='https:\/\/www.kulturkurios.de\/wp-content\/uploads\/2018-07-a.jpg'><img loading=\"lazy\" decoding=\"async\" width=\"150\" height=\"150\" src=\"https:\/\/www.kulturkurios.de\/wp-content\/uploads\/2018-07-a-150x150.jpg\" class=\"attachment-thumbnail size-thumbnail\" alt=\"2018-07\" aria-describedby=\"gallery-1-3567\" \/><\/a>\n\t\t\t<\/div>\n\t\t\t\t<figcaption class='wp-caption-text gallery-caption' id='gallery-1-3567'>\n\t\t\t\t2018-07\n\t\t\t\t<\/figcaption><\/figure><figure class='gallery-item'>\n\t\t\t<div class='gallery-icon portrait'>\n\t\t\t\t<a href='https:\/\/www.kulturkurios.de\/wp-content\/uploads\/2018-08-a.jpg'><img loading=\"lazy\" decoding=\"async\" width=\"150\" height=\"150\" src=\"https:\/\/www.kulturkurios.de\/wp-content\/uploads\/2018-08-a-150x150.jpg\" class=\"attachment-thumbnail size-thumbnail\" alt=\"2018-08\" aria-describedby=\"gallery-1-3570\" \/><\/a>\n\t\t\t<\/div>\n\t\t\t\t<figcaption class='wp-caption-text gallery-caption' id='gallery-1-3570'>\n\t\t\t\t2018-08\n\t\t\t\t<\/figcaption><\/figure><figure class='gallery-item'>\n\t\t\t<div class='gallery-icon landscape'>\n\t\t\t\t<a href='https:\/\/www.kulturkurios.de\/wp-content\/uploads\/2016\/11\/x88-fenster.jpg'><img loading=\"lazy\" decoding=\"async\" width=\"150\" height=\"120\" src=\"https:\/\/www.kulturkurios.de\/wp-content\/uploads\/2016\/11\/x88-fenster-150x120.jpg\" class=\"attachment-thumbnail size-thumbnail\" alt=\"2018-09\" aria-describedby=\"gallery-1-2814\" \/><\/a>\n\t\t\t<\/div>\n\t\t\t\t<figcaption class='wp-caption-text gallery-caption' id='gallery-1-2814'>\n\t\t\t\t2018-09\n\t\t\t\t<\/figcaption><\/figure><figure class='gallery-item'>\n\t\t\t<div class='gallery-icon portrait'>\n\t\t\t\t<a href='https:\/\/www.kulturkurios.de\/wp-content\/uploads\/2018-10-b.jpg'><img loading=\"lazy\" decoding=\"async\" width=\"150\" height=\"150\" src=\"https:\/\/www.kulturkurios.de\/wp-content\/uploads\/2018-10-b-150x150.jpg\" class=\"attachment-thumbnail size-thumbnail\" alt=\"2018-10\" aria-describedby=\"gallery-1-3572\" \/><\/a>\n\t\t\t<\/div>\n\t\t\t\t<figcaption class='wp-caption-text gallery-caption' id='gallery-1-3572'>\n\t\t\t\t2018-10\n\t\t\t\t<\/figcaption><\/figure><figure class='gallery-item'>\n\t\t\t<div class='gallery-icon landscape'>\n\t\t\t\t<a href='https:\/\/www.kulturkurios.de\/wp-content\/uploads\/Kerze-Kopie-3-1.jpg'><img loading=\"lazy\" decoding=\"async\" width=\"150\" height=\"120\" src=\"https:\/\/www.kulturkurios.de\/wp-content\/uploads\/Kerze-Kopie-3-1-150x120.jpg\" class=\"attachment-thumbnail size-thumbnail\" alt=\"2018-11\" aria-describedby=\"gallery-1-3259\" \/><\/a>\n\t\t\t<\/div>\n\t\t\t\t<figcaption class='wp-caption-text gallery-caption' id='gallery-1-3259'>\n\t\t\t\t2018-11\n\t\t\t\t<\/figcaption><\/figure><figure class='gallery-item'>\n\t\t\t<div class='gallery-icon portrait'>\n\t\t\t\t<a href='https:\/\/www.kulturkurios.de\/wp-content\/uploads\/2018-12-a.jpg'><img loading=\"lazy\" decoding=\"async\" width=\"150\" height=\"150\" src=\"https:\/\/www.kulturkurios.de\/wp-content\/uploads\/2018-12-a-150x150.jpg\" class=\"attachment-thumbnail size-thumbnail\" alt=\"2018-12\" aria-describedby=\"gallery-1-3608\" \/><\/a>\n\t\t\t<\/div>\n\t\t\t\t<figcaption class='wp-caption-text gallery-caption' id='gallery-1-3608'>\n\t\t\t\t2018-12\n\t\t\t\t<\/figcaption><\/figure><figure class='gallery-item'>\n\t\t\t<div class='gallery-icon landscape'>\n\t\t\t\t<a href='https:\/\/www.kulturkurios.de\/wp-content\/uploads\/Kerze-6.jpg'><img loading=\"lazy\" decoding=\"async\" width=\"150\" height=\"120\" src=\"https:\/\/www.kulturkurios.de\/wp-content\/uploads\/Kerze-6-150x120.jpg\" class=\"attachment-thumbnail size-thumbnail\" alt=\"2018-13\" aria-describedby=\"gallery-1-3257\" \/><\/a>\n\t\t\t<\/div>\n\t\t\t\t<figcaption class='wp-caption-text gallery-caption' id='gallery-1-3257'>\n\t\t\t\t2018-13\n\t\t\t\t<\/figcaption><\/figure><figure class='gallery-item'>\n\t\t\t<div class='gallery-icon portrait'>\n\t\t\t\t<a href='https:\/\/www.kulturkurios.de\/wp-content\/uploads\/2018-14-a.jpg'><img loading=\"lazy\" decoding=\"async\" width=\"150\" height=\"150\" src=\"https:\/\/www.kulturkurios.de\/wp-content\/uploads\/2018-14-a-150x150.jpg\" class=\"attachment-thumbnail size-thumbnail\" alt=\"2018-14\" aria-describedby=\"gallery-1-3614\" \/><\/a>\n\t\t\t<\/div>\n\t\t\t\t<figcaption class='wp-caption-text gallery-caption' id='gallery-1-3614'>\n\t\t\t\t2018-14\n\t\t\t\t<\/figcaption><\/figure><figure class='gallery-item'>\n\t\t\t<div class='gallery-icon landscape'>\n\t\t\t\t<a href='https:\/\/www.kulturkurios.de\/wp-content\/uploads\/2018-15-a.jpg'><img loading=\"lazy\" decoding=\"async\" width=\"150\" height=\"150\" src=\"https:\/\/www.kulturkurios.de\/wp-content\/uploads\/2018-15-a-150x150.jpg\" class=\"attachment-thumbnail size-thumbnail\" alt=\"2018-15\" aria-describedby=\"gallery-1-3609\" \/><\/a>\n\t\t\t<\/div>\n\t\t\t\t<figcaption class='wp-caption-text gallery-caption' id='gallery-1-3609'>\n\t\t\t\t2018-15\n\t\t\t\t<\/figcaption><\/figure><figure class='gallery-item'>\n\t\t\t<div class='gallery-icon portrait'>\n\t\t\t\t<a href='https:\/\/www.kulturkurios.de\/wp-content\/uploads\/2018-16-a.jpg'><img loading=\"lazy\" decoding=\"async\" width=\"150\" height=\"150\" src=\"https:\/\/www.kulturkurios.de\/wp-content\/uploads\/2018-16-a-150x150.jpg\" class=\"attachment-thumbnail size-thumbnail\" alt=\"2018-16\" aria-describedby=\"gallery-1-3610\" \/><\/a>\n\t\t\t<\/div>\n\t\t\t\t<figcaption class='wp-caption-text gallery-caption' id='gallery-1-3610'>\n\t\t\t\t2018-16\n\t\t\t\t<\/figcaption><\/figure><figure class='gallery-item'>\n\t\t\t<div class='gallery-icon landscape'>\n\t\t\t\t<a href='https:\/\/www.kulturkurios.de\/wp-content\/uploads\/2018-17-a.jpg'><img loading=\"lazy\" decoding=\"async\" width=\"150\" height=\"150\" src=\"https:\/\/www.kulturkurios.de\/wp-content\/uploads\/2018-17-a-150x150.jpg\" class=\"attachment-thumbnail size-thumbnail\" alt=\"2018-17\" aria-describedby=\"gallery-1-3611\" \/><\/a>\n\t\t\t<\/div>\n\t\t\t\t<figcaption class='wp-caption-text gallery-caption' id='gallery-1-3611'>\n\t\t\t\t2018-17\n\t\t\t\t<\/figcaption><\/figure><figure class='gallery-item'>\n\t\t\t<div class='gallery-icon landscape'>\n\t\t\t\t<a href='https:\/\/www.kulturkurios.de\/wp-content\/uploads\/Kerze-Kopie-2.jpg'><img loading=\"lazy\" decoding=\"async\" width=\"150\" height=\"120\" src=\"https:\/\/www.kulturkurios.de\/wp-content\/uploads\/Kerze-Kopie-2-150x120.jpg\" class=\"attachment-thumbnail size-thumbnail\" alt=\"2018-18\" aria-describedby=\"gallery-1-3252\" \/><\/a>\n\t\t\t<\/div>\n\t\t\t\t<figcaption class='wp-caption-text gallery-caption' id='gallery-1-3252'>\n\t\t\t\t2018-18\n\t\t\t\t<\/figcaption><\/figure><figure class='gallery-item'>\n\t\t\t<div class='gallery-icon landscape'>\n\t\t\t\t<a href='https:\/\/www.kulturkurios.de\/wp-content\/uploads\/2018-19-a.jpg'><img loading=\"lazy\" decoding=\"async\" width=\"150\" height=\"150\" src=\"https:\/\/www.kulturkurios.de\/wp-content\/uploads\/2018-19-a-150x150.jpg\" class=\"attachment-thumbnail size-thumbnail\" alt=\"2018-19\" aria-describedby=\"gallery-1-3615\" \/><\/a>\n\t\t\t<\/div>\n\t\t\t\t<figcaption class='wp-caption-text gallery-caption' id='gallery-1-3615'>\n\t\t\t\t2018-19\n\t\t\t\t<\/figcaption><\/figure><figure class='gallery-item'>\n\t\t\t<div class='gallery-icon landscape'>\n\t\t\t\t<a href='https:\/\/www.kulturkurios.de\/wp-content\/uploads\/2018-20-a.jpg'><img loading=\"lazy\" decoding=\"async\" width=\"150\" height=\"150\" src=\"https:\/\/www.kulturkurios.de\/wp-content\/uploads\/2018-20-a-150x150.jpg\" class=\"attachment-thumbnail size-thumbnail\" alt=\"2018-20\" aria-describedby=\"gallery-1-3616\" \/><\/a>\n\t\t\t<\/div>\n\t\t\t\t<figcaption class='wp-caption-text gallery-caption' id='gallery-1-3616'>\n\t\t\t\t2018-20\n\t\t\t\t<\/figcaption><\/figure><figure class='gallery-item'>\n\t\t\t<div class='gallery-icon landscape'>\n\t\t\t\t<a href='https:\/\/www.kulturkurios.de\/wp-content\/uploads\/2018-21-a.jpg'><img loading=\"lazy\" decoding=\"async\" width=\"150\" height=\"150\" src=\"https:\/\/www.kulturkurios.de\/wp-content\/uploads\/2018-21-a-150x150.jpg\" class=\"attachment-thumbnail size-thumbnail\" alt=\"2018-21\" aria-describedby=\"gallery-1-3620\" \/><\/a>\n\t\t\t<\/div>\n\t\t\t\t<figcaption class='wp-caption-text gallery-caption' id='gallery-1-3620'>\n\t\t\t\t2018-21\n\t\t\t\t<\/figcaption><\/figure><figure class='gallery-item'>\n\t\t\t<div class='gallery-icon landscape'>\n\t\t\t\t<a href='https:\/\/www.kulturkurios.de\/wp-content\/uploads\/2018-22-a.jpg'><img loading=\"lazy\" decoding=\"async\" width=\"150\" height=\"150\" src=\"https:\/\/www.kulturkurios.de\/wp-content\/uploads\/2018-22-a-150x150.jpg\" class=\"attachment-thumbnail size-thumbnail\" alt=\"2018-22\" aria-describedby=\"gallery-1-3619\" \/><\/a>\n\t\t\t<\/div>\n\t\t\t\t<figcaption class='wp-caption-text gallery-caption' id='gallery-1-3619'>\n\t\t\t\t2018-22\n\t\t\t\t<\/figcaption><\/figure><figure class='gallery-item'>\n\t\t\t<div class='gallery-icon landscape'>\n\t\t\t\t<a href='https:\/\/www.kulturkurios.de\/wp-content\/uploads\/Kerze-1.jpg'><img loading=\"lazy\" decoding=\"async\" width=\"150\" height=\"120\" src=\"https:\/\/www.kulturkurios.de\/wp-content\/uploads\/Kerze-1-150x120.jpg\" class=\"attachment-thumbnail size-thumbnail\" alt=\"2018-23\" aria-describedby=\"gallery-1-3247\" \/><\/a>\n\t\t\t<\/div>\n\t\t\t\t<figcaption class='wp-caption-text gallery-caption' id='gallery-1-3247'>\n\t\t\t\t2018-23\n\t\t\t\t<\/figcaption><\/figure><figure class='gallery-item'>\n\t\t\t<div class='gallery-icon landscape'>\n\t\t\t\t<a href='https:\/\/www.kulturkurios.de\/wp-content\/uploads\/2018-24a.jpg'><img loading=\"lazy\" decoding=\"async\" width=\"150\" height=\"150\" src=\"https:\/\/www.kulturkurios.de\/wp-content\/uploads\/2018-24a-150x150.jpg\" class=\"attachment-thumbnail size-thumbnail\" alt=\"2018-24\" aria-describedby=\"gallery-1-3623\" \/><\/a>\n\t\t\t<\/div>\n\t\t\t\t<figcaption class='wp-caption-text gallery-caption' id='gallery-1-3623'>\n\t\t\t\t2018-24\n\t\t\t\t<\/figcaption><\/figure>\n\t\t<\/div>\n\n\n\n\n<p> <br><a href=\"http:\/\/www.kulturkurios.de\/?page_id=3646\">Und hier alle Bilder<\/a> <br>Auch 2017 gab es eine Adventskalender: Hier der <a href=\"http:\/\/www.kulturkurios.de\/?page_id=3244\">Adventskalender 2017<\/a><\/p>\n","protected":false},"excerpt":{"rendered":"<p>Der 17. Kleinbettlinger Adventskalender ist vorbei. Er konnte wieder mit gro\u00dfer Beteiligung erfolgreich durchgef\u00fchrt werden. Vielen Dank an alle Fenstergestalter, in Kleinbettlingen und Bempflingen welche durch ihre Bereitschaft das eigene Haus \/ Fenster ein wenig ge\u00f6ffnet haben. Vielen Dank auch an alle Besucher der Fenster, welche dieses Angebot gerne angenommen haben. Der Kleinbettlinger Adventskalender war &hellip; <a href=\"https:\/\/www.kulturkurios.de\/?page_id=3505\" class=\"more-link\"><span class=\"screen-reader-text\">\u201eAdventskalender 2018\u201c <\/span>weiterlesen<\/a><\/p>\n","protected":false},"author":2,"featured_media":0,"parent":0,"menu_order":0,"comment_status":"closed","ping_status":"closed","template":"","meta":{"footnotes":""},"class_list":["post-3505","page","type-page","status-publish","hentry"],"_links":{"self":[{"href":"https:\/\/www.kulturkurios.de\/index.php?rest_route=\/wp\/v2\/pages\/3505","targetHints":{"allow":["GET"]}}],"collection":[{"href":"https:\/\/www.kulturkurios.de\/index.php?rest_route=\/wp\/v2\/pages"}],"about":[{"href":"https:\/\/www.kulturkurios.de\/index.php?rest_route=\/wp\/v2\/types\/page"}],"author":[{"embeddable":true,"href":"https:\/\/www.kulturkurios.de\/index.php?rest_route=\/wp\/v2\/users\/2"}],"replies":[{"embeddable":true,"href":"https:\/\/www.kulturkurios.de\/index.php?rest_route=%2Fwp%2Fv2%2Fcomments&post=3505"}],"version-history":[{"count":38,"href":"https:\/\/www.kulturkurios.de\/index.php?rest_route=\/wp\/v2\/pages\/3505\/revisions"}],"predecessor-version":[{"id":3803,"href":"https:\/\/www.kulturkurios.de\/index.php?rest_route=\/wp\/v2\/pages\/3505\/revisions\/3803"}],"wp:attachment":[{"href":"https:\/\/www.kulturkurios.de\/index.php?rest_route=%2Fwp%2Fv2%2Fmedia&parent=3505"}],"curies":[{"name":"wp","href":"https:\/\/api.w.org\/{rel}","templated":true}]}}