{"id":2967,"date":"2016-12-04T14:34:29","date_gmt":"2016-12-04T13:34:29","guid":{"rendered":"http:\/\/www.kulturkurios.de\/?page_id=2967"},"modified":"2025-11-18T19:19:58","modified_gmt":"2025-11-18T18:19:58","slug":"adventskalender-ergaenzende-hinweise","status":"publish","type":"page","link":"https:\/\/www.kulturkurios.de\/?page_id=2967","title":{"rendered":"Adventskalender &#8211; erg\u00e4nzende Hinweise"},"content":{"rendered":"<p>F\u00fcr ein Fenster beim Kleinbettlinger Adventskalender brauchen wir Ihre Fantasie..<\/p>\n<ul>\n<li><u>Sie<\/u> gestalten ein Fenster nach ihren Vorstellungen und verschlie\u00dfen dieses zum jeweiligen Tag. Eine Geschichte oder ein Gedicht vorlesen, ein Lied zusammen singen, eine lustige Sache darbieten, ein Hobby vorstellen, \u2026., oder ,\u2026 oder \u2026, oder \u2026, \u2026 Ihrer Fantasie sind dabei keine Grenzen gesetzt.<\/li>\n<li>Die Gestaltung des Fensters bzw. des Abends kann gerne einfach gehalten werden, so wie Sie\u2019s wollen, einen kleinen oder gro\u00dfen Aufwand betreiben.<br \/>Wie in den letzten Jahren:<br \/>Als \u201e<u>Sinn des Ganzen<\/u>\u201c gestalten Sie einen Treffpunkt, eine M\u00f6glichkeit zur ungezwungenen Begegnung in der Adventszeit.<\/li>\n<li>Vom Verein Kultur <em>Kurios<\/em> k\u00f6nnen Sie neben den Gl\u00fchweint\u00f6pfen und Tassen auch einen Lautsprecher samt Mikrofon ausleihen.<\/li>\n<li>Bis zum 1. Dezember soll an bzw. neben jedem <u>Fenster<\/u> die entsprechende Adventskalender-Zahl angebracht werden. Die Zahl sollte gut erkennbar sein, sie kann aus Holz, Papier, Pappe\u2026 gestaltet werden.<\/li>\n<li>Die Fenster sollen bis zum <u>Neujahrstag geschm\u00fcckt <\/u>bleiben, so dass sie auch noch nach den Weihnachtstagen bei Spazierg\u00e4ngen betrachtet werden k\u00f6nnen.<\/li>\n<li><u>Bewirtung:<\/u><br \/>Wer m\u00f6chte, kann nach dem \u00d6ffnen des Fensters mit Punsch, Gl\u00fchwein, oder \u2026 (was Sie wollen) bewirten. Aber dies ist KEIN Muss (siehe oben \u201eSinn \u2026\u201c).<br \/>Tassen und zwei gro\u00dfe T\u00f6pfe mit Zapfhahn k\u00f6nnen vom Verein ausgeliehen werden, sie werden unter den Teilnehmern weitergereicht.<br \/>Die Namensliste (inkl. Tel.Nr.) wird Ihnen mitgegeben.<\/li>\n<li><u>Spenden:<br \/><\/u>Wir legen Wert darauf, dass (wie bisher) deutlich sichtbar die Spendenkasse aufgestellt wird. Die Besucher k\u00f6nnen freiwillige Spenden geben.<br \/>Sie entscheiden, ob Sie daraus ihre Unkosten decken oder auch alles Geld als Spende belassen.<br \/>Mit Ihren Spenden unterst\u00fctzen Sie wieder zwei Brennpunkte, die aktuell auf Hilfe angewiesen sind. Wir geben je die H\u00e4lfte an zwei Projekte, deren Arbeit sehr direkt den Betroffenen zu Gute kommt.<br \/>Die Spenden, die beim Verein abgegeben werden gehen zu 100 % an die Empf\u00e4nger.<\/li>\n<\/ul>\n\n\n<p><a href=\"https:\/\/www.kulturkurios.de\/?page_id=5962\" data-type=\"page\" data-id=\"5962\">Hier gehts zur\u00fcck zum Adventskalender 2025<\/a><\/p>\n\n\n\n<p><\/p>\n","protected":false},"excerpt":{"rendered":"<p>F\u00fcr ein Fenster beim Kleinbettlinger Adventskalender brauchen wir Ihre Fantasie.. Sie gestalten ein Fenster nach ihren Vorstellungen und verschlie\u00dfen dieses zum jeweiligen Tag. Eine Geschichte oder ein Gedicht vorlesen, ein Lied zusammen singen, eine lustige Sache darbieten, ein Hobby vorstellen, \u2026., oder ,\u2026 oder \u2026, oder \u2026, \u2026 Ihrer Fantasie sind dabei keine Grenzen gesetzt. &hellip; <a href=\"https:\/\/www.kulturkurios.de\/?page_id=2967\" class=\"more-link\"><span class=\"screen-reader-text\">\u201eAdventskalender &#8211; erg\u00e4nzende Hinweise\u201c <\/span>weiterlesen<\/a><\/p>\n","protected":false},"author":2,"featured_media":0,"parent":0,"menu_order":0,"comment_status":"closed","ping_status":"closed","template":"","meta":{"footnotes":""},"class_list":["post-2967","page","type-page","status-publish","hentry"],"_links":{"self":[{"href":"https:\/\/www.kulturkurios.de\/index.php?rest_route=\/wp\/v2\/pages\/2967","targetHints":{"allow":["GET"]}}],"collection":[{"href":"https:\/\/www.kulturkurios.de\/index.php?rest_route=\/wp\/v2\/pages"}],"about":[{"href":"https:\/\/www.kulturkurios.de\/index.php?rest_route=\/wp\/v2\/types\/page"}],"author":[{"embeddable":true,"href":"https:\/\/www.kulturkurios.de\/index.php?rest_route=\/wp\/v2\/users\/2"}],"replies":[{"embeddable":true,"href":"https:\/\/www.kulturkurios.de\/index.php?rest_route=%2Fwp%2Fv2%2Fcomments&post=2967"}],"version-history":[{"count":6,"href":"https:\/\/www.kulturkurios.de\/index.php?rest_route=\/wp\/v2\/pages\/2967\/revisions"}],"predecessor-version":[{"id":6039,"href":"https:\/\/www.kulturkurios.de\/index.php?rest_route=\/wp\/v2\/pages\/2967\/revisions\/6039"}],"wp:attachment":[{"href":"https:\/\/www.kulturkurios.de\/index.php?rest_route=%2Fwp%2Fv2%2Fmedia&parent=2967"}],"curies":[{"name":"wp","href":"https:\/\/api.w.org\/{rel}","templated":true}]}}