{"id":2173,"date":"2016-11-04T22:05:55","date_gmt":"2016-11-04T21:05:55","guid":{"rendered":"http:\/\/www.kulturkurios.de\/?page_id=2173"},"modified":"2016-11-05T14:22:38","modified_gmt":"2016-11-05T13:22:38","slug":"sie-wollen-gondeln","status":"publish","type":"page","link":"https:\/\/www.kulturkurios.de\/?page_id=2173","title":{"rendered":"Sie wollen &#8230; Gondeln ???"},"content":{"rendered":"<p><strong>Bitte sch\u00f6n<\/strong>, wir haben eine f\u00fcr Sie &#8230;<br \/>\n<strong>Sie erfahren <\/strong>N\u00e4heres von <strong>Ursel Wagner<\/strong><\/p>\n<p><strong>07123 &#8211; 36210<\/strong> oder &#8211;&gt; <a href=\"mailto:ursel.wagner@kulturkurios.de\"><strong>ursel.wagner@kulturkurios.de<\/strong><\/a><\/p>\n<p>oder \u00fcber den <a href=\"http:\/\/www.kulturkurios.de\/?page_id=16\"><span style=\"color: #ff0000;\">Vorstand<\/span><\/a><\/p>\n<p><a href=\"http:\/\/www.kulturkurios.de\/?page_id=2170\">&#8230; zum Lebenslauf unserer <strong>Gondel<\/strong><\/a><\/p>\n<p>&nbsp;<\/p>\n<figure id=\"attachment_2174\" aria-describedby=\"caption-attachment-2174\" style=\"width: 840px\" class=\"wp-caption alignnone\"><img loading=\"lazy\" decoding=\"async\" class=\" wp-image-2174\" src=\"http:\/\/www.kulturkurios.de\/wp-content\/uploads\/2016\/11\/DSCN8869-300x225.jpg\" alt=\"Die Gondel\" width=\"840\" height=\"630\" srcset=\"https:\/\/www.kulturkurios.de\/wp-content\/uploads\/2016\/11\/DSCN8869-300x225.jpg 300w, https:\/\/www.kulturkurios.de\/wp-content\/uploads\/2016\/11\/DSCN8869.jpg 640w\" sizes=\"auto, (max-width: 709px) 85vw, (max-width: 909px) 67vw, (max-width: 1362px) 62vw, 840px\" \/><figcaption id=\"caption-attachment-2174\" class=\"wp-caption-text\">Die Gondel<\/figcaption><\/figure>\n","protected":false},"excerpt":{"rendered":"<p>Bitte sch\u00f6n, wir haben eine f\u00fcr Sie &#8230; Sie erfahren N\u00e4heres von Ursel Wagner 07123 &#8211; 36210 oder &#8211;&gt; ursel.wagner@kulturkurios.de oder \u00fcber den Vorstand &#8230; zum Lebenslauf unserer Gondel &nbsp;<\/p>\n","protected":false},"author":1,"featured_media":0,"parent":0,"menu_order":0,"comment_status":"closed","ping_status":"closed","template":"","meta":{"footnotes":""},"class_list":["post-2173","page","type-page","status-publish","hentry"],"_links":{"self":[{"href":"https:\/\/www.kulturkurios.de\/index.php?rest_route=\/wp\/v2\/pages\/2173","targetHints":{"allow":["GET"]}}],"collection":[{"href":"https:\/\/www.kulturkurios.de\/index.php?rest_route=\/wp\/v2\/pages"}],"about":[{"href":"https:\/\/www.kulturkurios.de\/index.php?rest_route=\/wp\/v2\/types\/page"}],"author":[{"embeddable":true,"href":"https:\/\/www.kulturkurios.de\/index.php?rest_route=\/wp\/v2\/users\/1"}],"replies":[{"embeddable":true,"href":"https:\/\/www.kulturkurios.de\/index.php?rest_route=%2Fwp%2Fv2%2Fcomments&post=2173"}],"version-history":[{"count":3,"href":"https:\/\/www.kulturkurios.de\/index.php?rest_route=\/wp\/v2\/pages\/2173\/revisions"}],"predecessor-version":[{"id":2177,"href":"https:\/\/www.kulturkurios.de\/index.php?rest_route=\/wp\/v2\/pages\/2173\/revisions\/2177"}],"wp:attachment":[{"href":"https:\/\/www.kulturkurios.de\/index.php?rest_route=%2Fwp%2Fv2%2Fmedia&parent=2173"}],"curies":[{"name":"wp","href":"https:\/\/api.w.org\/{rel}","templated":true}]}}