{"id":2020,"date":"2016-10-30T18:19:35","date_gmt":"2016-10-30T17:19:35","guid":{"rendered":"http:\/\/www.kulturkurios.de\/?page_id=2020"},"modified":"2016-10-30T18:19:35","modified_gmt":"2016-10-30T17:19:35","slug":"experimentelles-zeichnen-und-mehr","status":"publish","type":"page","link":"https:\/\/www.kulturkurios.de\/?page_id=2020","title":{"rendered":"Experimentelles Zeichnen &#8230; und Mehr &#8230;"},"content":{"rendered":"<p>Unter diesem Arbeitstitel hat\u00a0 <strong>KULTUR <em>KURIOS<\/em><\/strong> zusammen mit dem <strong>K\u00fcnstler Rudi Beutinger<\/strong><br \/>\neinen 6-teiligen Kurs angeboten.<\/p>\n<p>In der \u00dcbergangszeit wollten wir \u201eAlltags-Personen\u201c uns f\u00fcr <strong>die eigenen pers\u00f6nlichen Ausdrucksm\u00f6glichkeiten<\/strong> \u00f6ffnen und inspirieren lassen.<\/p>\n","protected":false},"excerpt":{"rendered":"<p>Unter diesem Arbeitstitel hat\u00a0 KULTUR KURIOS zusammen mit dem K\u00fcnstler Rudi Beutinger einen 6-teiligen Kurs angeboten. In der \u00dcbergangszeit wollten wir \u201eAlltags-Personen\u201c uns f\u00fcr die eigenen pers\u00f6nlichen Ausdrucksm\u00f6glichkeiten \u00f6ffnen und inspirieren lassen.<\/p>\n","protected":false},"author":1,"featured_media":0,"parent":0,"menu_order":0,"comment_status":"closed","ping_status":"closed","template":"","meta":{"footnotes":""},"class_list":["post-2020","page","type-page","status-publish","hentry"],"_links":{"self":[{"href":"https:\/\/www.kulturkurios.de\/index.php?rest_route=\/wp\/v2\/pages\/2020","targetHints":{"allow":["GET"]}}],"collection":[{"href":"https:\/\/www.kulturkurios.de\/index.php?rest_route=\/wp\/v2\/pages"}],"about":[{"href":"https:\/\/www.kulturkurios.de\/index.php?rest_route=\/wp\/v2\/types\/page"}],"author":[{"embeddable":true,"href":"https:\/\/www.kulturkurios.de\/index.php?rest_route=\/wp\/v2\/users\/1"}],"replies":[{"embeddable":true,"href":"https:\/\/www.kulturkurios.de\/index.php?rest_route=%2Fwp%2Fv2%2Fcomments&post=2020"}],"version-history":[{"count":1,"href":"https:\/\/www.kulturkurios.de\/index.php?rest_route=\/wp\/v2\/pages\/2020\/revisions"}],"predecessor-version":[{"id":2021,"href":"https:\/\/www.kulturkurios.de\/index.php?rest_route=\/wp\/v2\/pages\/2020\/revisions\/2021"}],"wp:attachment":[{"href":"https:\/\/www.kulturkurios.de\/index.php?rest_route=%2Fwp%2Fv2%2Fmedia&parent=2020"}],"curies":[{"name":"wp","href":"https:\/\/api.w.org\/{rel}","templated":true}]}}