{"id":1705,"date":"2016-10-30T16:16:11","date_gmt":"2016-10-30T15:16:11","guid":{"rendered":"http:\/\/www.kulturkurios.de\/?page_id=1705"},"modified":"2017-12-12T20:10:13","modified_gmt":"2017-12-12T19:10:13","slug":"hinweise-zu-unseren-bildern","status":"publish","type":"page","link":"https:\/\/www.kulturkurios.de\/?page_id=1705","title":{"rendered":"&#8230; Hinweise zu unseren Bildern &#8230;"},"content":{"rendered":"<ul>\n<li><strong>KULTUR<em>KURIOS<\/em><\/strong> will beim Adventskalender Bilder ver\u00f6ffentlichen, die eher die Szene und die Stimmung wiedergeben.<\/li>\n<\/ul>\n<div align=\"right\">\n<ul>\n<li style=\"list-style-type: none;\">\n<ul>\n<li>\n<div align=\"left\">Wer die ver\u00f6ffentlichten Bildern oder dar\u00fcber hinaus die Originalformate haben m\u00f6chte, sollte sich bitte an\u00a0<strong><span style=\"color: #ff0000;\"><a style=\"color: #ff0000;\" href=\"http:\/\/www.kulturkurios.de\/?page_id=16\">&#8222;Kontakt&#8220;<\/a><\/span> auf der Website wenden<\/strong>\u00a0!<\/div>\n<\/li>\n<\/ul>\n<\/li>\n<\/ul>\n<ul>\n<li style=\"list-style-type: none;\">\n<ul>\n<li>\n<div align=\"left\">Die Bilder d\u00fcrfen ausschlie\u00dflich im Rahmen des Adventskalenders und Ver\u00f6ffentlichungen dazu oder zu privaten Zwecken verwendet werden.<br \/>\nAlles weitere bedarf der Zustimmung des jeweiligen Fotografen bzw. des Vorstandes.<\/div>\n<\/li>\n<\/ul>\n<\/li>\n<\/ul>\n<ul>\n<li>\n<div align=\"left\">F\u00fcr unser Archiv nehmen sehr gerne auch Bilder anderer Personen an.<br \/>\nBitte wenden Sie sich dazu an ein Vorstandsmitglied oder an\u00a0<strong><span style=\"color: #ff0000;\"><a style=\"color: #ff0000;\" href=\"http:\/\/www.kulturkurios.de\/?page_id=16\">Kontakt<\/a><br \/>\n<\/span><\/strong>oder schicken Sie die Bilder an\u00a0<strong>webadmin @ kulturkurios.de<\/strong>\u00a0(Leerstellen entfernen)<\/div>\n<\/li>\n<\/ul>\n<\/div>\n<div align=\"left\">\n<p><strong>Auch ein gutes Foto ist eine Gabe des &#8222;Augen&#8220;-Blicks &#8230;<\/strong><\/p>\n<p>Es kann Erinnerungen strukturieren und Gl\u00fcckmomente wieder wach-rufen. Der Vorstand dankt daf\u00fcr.<\/p>\n<\/div>\n","protected":false},"excerpt":{"rendered":"<p>KULTURKURIOS will beim Adventskalender Bilder ver\u00f6ffentlichen, die eher die Szene und die Stimmung wiedergeben. Wer die ver\u00f6ffentlichten Bildern oder dar\u00fcber hinaus die Originalformate haben m\u00f6chte, sollte sich bitte an\u00a0&#8222;Kontakt&#8220; auf der Website wenden\u00a0! Die Bilder d\u00fcrfen ausschlie\u00dflich im Rahmen des Adventskalenders und Ver\u00f6ffentlichungen dazu oder zu privaten Zwecken verwendet werden. Alles weitere bedarf der Zustimmung &hellip; <a href=\"https:\/\/www.kulturkurios.de\/?page_id=1705\" class=\"more-link\"><span class=\"screen-reader-text\">\u201e&#8230; Hinweise zu unseren Bildern &#8230;\u201c <\/span>weiterlesen<\/a><\/p>\n","protected":false},"author":1,"featured_media":0,"parent":0,"menu_order":0,"comment_status":"closed","ping_status":"closed","template":"","meta":{"footnotes":""},"class_list":["post-1705","page","type-page","status-publish","hentry"],"_links":{"self":[{"href":"https:\/\/www.kulturkurios.de\/index.php?rest_route=\/wp\/v2\/pages\/1705","targetHints":{"allow":["GET"]}}],"collection":[{"href":"https:\/\/www.kulturkurios.de\/index.php?rest_route=\/wp\/v2\/pages"}],"about":[{"href":"https:\/\/www.kulturkurios.de\/index.php?rest_route=\/wp\/v2\/types\/page"}],"author":[{"embeddable":true,"href":"https:\/\/www.kulturkurios.de\/index.php?rest_route=\/wp\/v2\/users\/1"}],"replies":[{"embeddable":true,"href":"https:\/\/www.kulturkurios.de\/index.php?rest_route=%2Fwp%2Fv2%2Fcomments&post=1705"}],"version-history":[{"count":2,"href":"https:\/\/www.kulturkurios.de\/index.php?rest_route=\/wp\/v2\/pages\/1705\/revisions"}],"predecessor-version":[{"id":3311,"href":"https:\/\/www.kulturkurios.de\/index.php?rest_route=\/wp\/v2\/pages\/1705\/revisions\/3311"}],"wp:attachment":[{"href":"https:\/\/www.kulturkurios.de\/index.php?rest_route=%2Fwp%2Fv2%2Fmedia&parent=1705"}],"curies":[{"name":"wp","href":"https:\/\/api.w.org\/{rel}","templated":true}]}}