{"id":1259,"date":"2016-10-30T12:49:37","date_gmt":"2016-10-30T11:49:37","guid":{"rendered":"http:\/\/www.kulturkurios.de\/?page_id=1259"},"modified":"2016-10-30T12:49:37","modified_gmt":"2016-10-30T11:49:37","slug":"jahreshauptversammlung-2008","status":"publish","type":"page","link":"https:\/\/www.kulturkurios.de\/?page_id=1259","title":{"rendered":"Jahreshauptversammlung 2008"},"content":{"rendered":"<p>Am Samstag, 01. M\u00e4rz 2008:<\/p>\n<p>Zum Start des Fr\u00fchlingsmonats f\u00fchrten wir unsere Jahreshauptversammlung durch.<br \/>\nAlte und junge Mitglieder fanden sich an unserer neu gerichteten Gondel ein.<br \/>\nVor den Tagesordnungspunkten genossen wir erstmal gem\u00fctlich die PAELLA aus einer riesigen Pfanne.<\/p>\n<p>Im Laufe des Abends blickten wir mit Freude zur\u00fcck auf ein gutes Jahr 2007 und mit Zuversicht<br \/>\nauf unsere Neu- und Wieder-Vorhaben in diesem Jahr:<\/p>\n<ul>\n<li>Mit neuen Mitgliedern hat sich der aktive Kern verst\u00e4rkt.<\/li>\n<li>Der 2. Computerkurs &#8222;meipeceundi&#8220; l\u00e4uft wieder &#8211; mit neuen InteressentInnen.<\/li>\n<li>Das Kinder-Zirkusprojekt wird weitergef\u00fchrt und sich auch wieder \u00f6ffentlich pr\u00e4sentieren.<\/li>\n<li>Der 2. Vierteleslauf am 6. September kann wieder ein gr\u00f6\u00dferes Vereins-Fest werden.<\/li>\n<li>Ein Nachtflohmarkt k\u00fcndigt sich erst mal unsichtbar an -weil NEU und im Dunkeln.<\/li>\n<li>Zum 7. Adventskalender: wieder eine Zeit der Hoffnung und \u00dcberraschungen.<\/li>\n<li>Die Gondel steht jetzt f\u00fcr Vermietungen an Privat und \u00d6ffentlich zur Verf\u00fcgung.<\/li>\n<\/ul>\n<p>Alles in allem &#8230; ein gelungener Jahresanfang, auch wenn&#8217;n den Kid&#8217;s teilweise etwas lang oder auch langweilig war.<\/p>\n<p>Und &#8230; es kann ja alles auch noch besser werden,<\/p>\n<p>&#8212;&#8212;&#8212;&#8212;&#8212;&#8212;&#8212;&#8212;&#8212;&#8212;&#8212;&#8212;&#8212;&#8212;&#8212;&#8212;&#8212;&#8212;&#8212;&#8212;&#8212;&#8212;&#8212;&#8212;&#8212;&#8212;&#8212;-<\/p>\n<p>Bilder:<\/p>\n<div id='gallery-1' class='gallery galleryid-1259 gallery-columns-3 gallery-size-thumbnail'><figure class='gallery-item'>\n\t\t\t<div class='gallery-icon landscape'>\n\t\t\t\t<a href='https:\/\/www.kulturkurios.de\/wp-content\/uploads\/2016\/10\/DSCN8782.jpg'><img loading=\"lazy\" decoding=\"async\" width=\"150\" height=\"150\" src=\"https:\/\/www.kulturkurios.de\/wp-content\/uploads\/2016\/10\/DSCN8782-150x150.jpg\" class=\"attachment-thumbnail size-thumbnail\" alt=\"\" \/><\/a>\n\t\t\t<\/div><\/figure><figure class='gallery-item'>\n\t\t\t<div class='gallery-icon landscape'>\n\t\t\t\t<a href='https:\/\/www.kulturkurios.de\/wp-content\/uploads\/2016\/10\/DSCN8785.jpg'><img loading=\"lazy\" decoding=\"async\" width=\"150\" height=\"150\" src=\"https:\/\/www.kulturkurios.de\/wp-content\/uploads\/2016\/10\/DSCN8785-150x150.jpg\" class=\"attachment-thumbnail size-thumbnail\" alt=\"\" \/><\/a>\n\t\t\t<\/div><\/figure><figure class='gallery-item'>\n\t\t\t<div class='gallery-icon landscape'>\n\t\t\t\t<a href='https:\/\/www.kulturkurios.de\/wp-content\/uploads\/2016\/10\/DSCN8794.jpg'><img loading=\"lazy\" decoding=\"async\" width=\"150\" height=\"150\" src=\"https:\/\/www.kulturkurios.de\/wp-content\/uploads\/2016\/10\/DSCN8794-150x150.jpg\" class=\"attachment-thumbnail size-thumbnail\" alt=\"\" \/><\/a>\n\t\t\t<\/div><\/figure><figure class='gallery-item'>\n\t\t\t<div class='gallery-icon landscape'>\n\t\t\t\t<a href='https:\/\/www.kulturkurios.de\/wp-content\/uploads\/2016\/10\/DSCN8802.jpg'><img loading=\"lazy\" decoding=\"async\" width=\"150\" height=\"150\" src=\"https:\/\/www.kulturkurios.de\/wp-content\/uploads\/2016\/10\/DSCN8802-150x150.jpg\" class=\"attachment-thumbnail size-thumbnail\" alt=\"\" \/><\/a>\n\t\t\t<\/div><\/figure><figure class='gallery-item'>\n\t\t\t<div class='gallery-icon landscape'>\n\t\t\t\t<a href='https:\/\/www.kulturkurios.de\/wp-content\/uploads\/2016\/10\/DSCN8809.jpg'><img loading=\"lazy\" decoding=\"async\" width=\"150\" height=\"150\" src=\"https:\/\/www.kulturkurios.de\/wp-content\/uploads\/2016\/10\/DSCN8809-150x150.jpg\" class=\"attachment-thumbnail size-thumbnail\" alt=\"\" \/><\/a>\n\t\t\t<\/div><\/figure><figure class='gallery-item'>\n\t\t\t<div class='gallery-icon landscape'>\n\t\t\t\t<a href='https:\/\/www.kulturkurios.de\/wp-content\/uploads\/2016\/10\/DSCN8814.jpg'><img loading=\"lazy\" decoding=\"async\" width=\"150\" height=\"150\" src=\"https:\/\/www.kulturkurios.de\/wp-content\/uploads\/2016\/10\/DSCN8814-150x150.jpg\" class=\"attachment-thumbnail size-thumbnail\" alt=\"\" \/><\/a>\n\t\t\t<\/div><\/figure><figure class='gallery-item'>\n\t\t\t<div class='gallery-icon landscape'>\n\t\t\t\t<a href='https:\/\/www.kulturkurios.de\/wp-content\/uploads\/2016\/10\/DSCN8827.jpg'><img loading=\"lazy\" decoding=\"async\" width=\"150\" height=\"150\" src=\"https:\/\/www.kulturkurios.de\/wp-content\/uploads\/2016\/10\/DSCN8827-150x150.jpg\" class=\"attachment-thumbnail size-thumbnail\" alt=\"\" \/><\/a>\n\t\t\t<\/div><\/figure><figure class='gallery-item'>\n\t\t\t<div class='gallery-icon landscape'>\n\t\t\t\t<a href='https:\/\/www.kulturkurios.de\/wp-content\/uploads\/2016\/10\/DSCN8830.jpg'><img loading=\"lazy\" decoding=\"async\" width=\"150\" height=\"150\" src=\"https:\/\/www.kulturkurios.de\/wp-content\/uploads\/2016\/10\/DSCN8830-150x150.jpg\" class=\"attachment-thumbnail size-thumbnail\" alt=\"\" \/><\/a>\n\t\t\t<\/div><\/figure>\n\t\t<\/div>\n\n","protected":false},"excerpt":{"rendered":"<p>Am Samstag, 01. M\u00e4rz 2008: Zum Start des Fr\u00fchlingsmonats f\u00fchrten wir unsere Jahreshauptversammlung durch. Alte und junge Mitglieder fanden sich an unserer neu gerichteten Gondel ein. Vor den Tagesordnungspunkten genossen wir erstmal gem\u00fctlich die PAELLA aus einer riesigen Pfanne. Im Laufe des Abends blickten wir mit Freude zur\u00fcck auf ein gutes Jahr 2007 und mit &hellip; <a href=\"https:\/\/www.kulturkurios.de\/?page_id=1259\" class=\"more-link\"><span class=\"screen-reader-text\">\u201eJahreshauptversammlung 2008\u201c <\/span>weiterlesen<\/a><\/p>\n","protected":false},"author":1,"featured_media":0,"parent":0,"menu_order":0,"comment_status":"closed","ping_status":"closed","template":"","meta":{"footnotes":""},"class_list":["post-1259","page","type-page","status-publish","hentry"],"_links":{"self":[{"href":"https:\/\/www.kulturkurios.de\/index.php?rest_route=\/wp\/v2\/pages\/1259","targetHints":{"allow":["GET"]}}],"collection":[{"href":"https:\/\/www.kulturkurios.de\/index.php?rest_route=\/wp\/v2\/pages"}],"about":[{"href":"https:\/\/www.kulturkurios.de\/index.php?rest_route=\/wp\/v2\/types\/page"}],"author":[{"embeddable":true,"href":"https:\/\/www.kulturkurios.de\/index.php?rest_route=\/wp\/v2\/users\/1"}],"replies":[{"embeddable":true,"href":"https:\/\/www.kulturkurios.de\/index.php?rest_route=%2Fwp%2Fv2%2Fcomments&post=1259"}],"version-history":[{"count":1,"href":"https:\/\/www.kulturkurios.de\/index.php?rest_route=\/wp\/v2\/pages\/1259\/revisions"}],"predecessor-version":[{"id":1268,"href":"https:\/\/www.kulturkurios.de\/index.php?rest_route=\/wp\/v2\/pages\/1259\/revisions\/1268"}],"wp:attachment":[{"href":"https:\/\/www.kulturkurios.de\/index.php?rest_route=%2Fwp%2Fv2%2Fmedia&parent=1259"}],"curies":[{"name":"wp","href":"https:\/\/api.w.org\/{rel}","templated":true}]}}