{"id":1255,"date":"2016-10-30T12:46:34","date_gmt":"2016-10-30T11:46:34","guid":{"rendered":"http:\/\/www.kulturkurios.de\/?page_id=1255"},"modified":"2016-10-30T12:46:34","modified_gmt":"2016-10-30T11:46:34","slug":"vereins-und-betriebsfussballturnier-2008","status":"publish","type":"page","link":"https:\/\/www.kulturkurios.de\/?page_id=1255","title":{"rendered":"Vereins- und Betriebsfu\u00dfballturnier 2008"},"content":{"rendered":"<p>Am Wochenende 06. bis 08. Juni wurde wieder das Vereins- und Betriebsfu\u00dfballturnier durchgef\u00fchrt.<br \/>\nUnsere starke Mannschaft konnte einen beachtlichen 3. Platz erringen: Fair und auch verdient.<\/p>\n<p>Wir freuen uns und danken den Jungs und ihrem Trainer &#8211; \u201eunserem\u201c Klaus-Dieter Spindler.<\/p>\n<p><img loading=\"lazy\" decoding=\"async\" class=\"alignnone size-medium wp-image-1256\" src=\"http:\/\/www.kulturkurios.de\/wp-content\/uploads\/2016\/10\/rueckblick_2008_v_b_fussballturnier_IMG_0258-kl-300x225.jpg\" alt=\"rueckblick_2008_v_b_fussballturnier_img_0258-kl\" width=\"300\" height=\"225\" srcset=\"https:\/\/www.kulturkurios.de\/wp-content\/uploads\/2016\/10\/rueckblick_2008_v_b_fussballturnier_IMG_0258-kl-300x225.jpg 300w, https:\/\/www.kulturkurios.de\/wp-content\/uploads\/2016\/10\/rueckblick_2008_v_b_fussballturnier_IMG_0258-kl.jpg 640w\" sizes=\"auto, (max-width: 300px) 85vw, 300px\" \/><\/p>\n<figure id=\"attachment_1257\" aria-describedby=\"caption-attachment-1257\" style=\"width: 300px\" class=\"wp-caption alignnone\"><img loading=\"lazy\" decoding=\"async\" class=\"size-medium wp-image-1257\" src=\"http:\/\/www.kulturkurios.de\/wp-content\/uploads\/2016\/10\/vundb_fussballturnier_tvb_amtsblatt_13_06_2008_txt1-300x291.jpg\" alt=\"Artikel des TVB im Amtsblatt\" width=\"300\" height=\"291\" srcset=\"https:\/\/www.kulturkurios.de\/wp-content\/uploads\/2016\/10\/vundb_fussballturnier_tvb_amtsblatt_13_06_2008_txt1-300x291.jpg 300w, https:\/\/www.kulturkurios.de\/wp-content\/uploads\/2016\/10\/vundb_fussballturnier_tvb_amtsblatt_13_06_2008_txt1-768x746.jpg 768w, https:\/\/www.kulturkurios.de\/wp-content\/uploads\/2016\/10\/vundb_fussballturnier_tvb_amtsblatt_13_06_2008_txt1-1024x994.jpg 1024w, https:\/\/www.kulturkurios.de\/wp-content\/uploads\/2016\/10\/vundb_fussballturnier_tvb_amtsblatt_13_06_2008_txt1.jpg 1177w\" sizes=\"auto, (max-width: 300px) 85vw, 300px\" \/><figcaption id=\"caption-attachment-1257\" class=\"wp-caption-text\">Artikel des TVB im Amtsblatt<\/figcaption><\/figure>\n","protected":false},"excerpt":{"rendered":"<p>Am Wochenende 06. bis 08. Juni wurde wieder das Vereins- und Betriebsfu\u00dfballturnier durchgef\u00fchrt. Unsere starke Mannschaft konnte einen beachtlichen 3. Platz erringen: Fair und auch verdient. Wir freuen uns und danken den Jungs und ihrem Trainer &#8211; \u201eunserem\u201c Klaus-Dieter Spindler.<\/p>\n","protected":false},"author":1,"featured_media":0,"parent":0,"menu_order":0,"comment_status":"closed","ping_status":"closed","template":"","meta":{"footnotes":""},"class_list":["post-1255","page","type-page","status-publish","hentry"],"_links":{"self":[{"href":"https:\/\/www.kulturkurios.de\/index.php?rest_route=\/wp\/v2\/pages\/1255","targetHints":{"allow":["GET"]}}],"collection":[{"href":"https:\/\/www.kulturkurios.de\/index.php?rest_route=\/wp\/v2\/pages"}],"about":[{"href":"https:\/\/www.kulturkurios.de\/index.php?rest_route=\/wp\/v2\/types\/page"}],"author":[{"embeddable":true,"href":"https:\/\/www.kulturkurios.de\/index.php?rest_route=\/wp\/v2\/users\/1"}],"replies":[{"embeddable":true,"href":"https:\/\/www.kulturkurios.de\/index.php?rest_route=%2Fwp%2Fv2%2Fcomments&post=1255"}],"version-history":[{"count":1,"href":"https:\/\/www.kulturkurios.de\/index.php?rest_route=\/wp\/v2\/pages\/1255\/revisions"}],"predecessor-version":[{"id":1258,"href":"https:\/\/www.kulturkurios.de\/index.php?rest_route=\/wp\/v2\/pages\/1255\/revisions\/1258"}],"wp:attachment":[{"href":"https:\/\/www.kulturkurios.de\/index.php?rest_route=%2Fwp%2Fv2%2Fmedia&parent=1255"}],"curies":[{"name":"wp","href":"https:\/\/api.w.org\/{rel}","templated":true}]}}